Last updated on 2024-08-15 13:48:35 CEST.
Flavor | Version | Tinstall | Tcheck | Ttotal | Status | Flags |
---|---|---|---|---|---|---|
r-devel-linux-x86_64-debian-clang | 2.3 | 0.86 | 1.82 | 2.68 | ERROR | |
r-devel-linux-x86_64-debian-gcc | 2.3 | 0.54 | 1.33 | 1.87 | ERROR | |
r-devel-linux-x86_64-fedora-clang | 2.3 | 2.60 | ERROR | |||
r-devel-linux-x86_64-fedora-gcc | 2.3 | 2.53 | ERROR | |||
r-devel-windows-x86_64 | 2.3 | 84.00 | 497.00 | 581.00 | NOTE | |
r-patched-linux-x86_64 | 2.3 | 92.17 | 533.13 | 625.30 | OK | |
r-release-linux-x86_64 | 2.3 | 84.75 | 538.67 | 623.42 | OK | |
r-release-macos-arm64 | 2.3 | 233.00 | OK | |||
r-release-macos-x86_64 | 2.3 | 476.00 | OK | |||
r-release-windows-x86_64 | 2.3 | 87.00 | 500.00 | 587.00 | OK | |
r-oldrel-macos-arm64 | 2.3 | 235.00 | OK | |||
r-oldrel-macos-x86_64 | 2.3 | 576.00 | OK | |||
r-oldrel-windows-x86_64 | 2.3 | 111.00 | 680.00 | 791.00 | OK |
Version: 2.3
Check: package dependencies
Result: ERROR
Package required but not available: ‘mvMORPH’
See section ‘The DESCRIPTION file’ in the ‘Writing R Extensions’
manual.
Flavors: r-devel-linux-x86_64-debian-clang, r-devel-linux-x86_64-debian-gcc, r-devel-linux-x86_64-fedora-gcc
Version: 2.3
Check: package dependencies
Result: ERROR
Package required but not available: ‘mvMORPH’
Imports includes 26 non-default packages.
Importing from so many packages makes the package vulnerable to any of
them becoming unavailable. Move as many as possible to Suggests and
use conditionally.
See section ‘The DESCRIPTION file’ in the ‘Writing R Extensions’
manual.
Flavor: r-devel-linux-x86_64-fedora-clang
Version: 2.3
Check: Rd cross-references
Result: NOTE
Found the following Rd file(s) with Rd \link{} targets missing package
anchors:
CreateClassObject.Rd: make.simmap
CreateGeoObject.Rd: make.simmap
CreateGeobyClassObject.Rd: make.simmap
GIC.Rd: mvgls
ancestral.Rd: GIC
fit_t_comp.Rd: make.simmap
fit_t_comp_subgroup.Rd: make.simmap, spg
fit_t_pl.Rd: mvgls
fit_t_standard.Rd: make.simmap
sim_t_tworegime.Rd: make.simmap
Please provide package anchors for all Rd \link{} targets not in the
package itself and the base packages.
Flavor: r-devel-windows-x86_64