Last updated on 2024-06-17 05:49:07 CEST.
Flavor | Version | Tinstall | Tcheck | Ttotal | Status | Flags |
---|---|---|---|---|---|---|
r-devel-linux-x86_64-debian-clang | 0.2 | 5.59 | 48.14 | 53.73 | NOTE | |
r-devel-linux-x86_64-debian-gcc | 0.2 | 4.41 | 36.21 | 40.62 | NOTE | |
r-devel-linux-x86_64-fedora-clang | 0.2 | 67.76 | NOTE | |||
r-devel-linux-x86_64-fedora-gcc | 0.2 | 63.83 | NOTE | |||
r-devel-windows-x86_64 | 0.2 | 6.00 | 60.00 | 66.00 | NOTE | |
r-patched-linux-x86_64 | 0.2 | 5.94 | 46.46 | 52.40 | NOTE | |
r-release-linux-x86_64 | 0.2 | 5.32 | 45.52 | 50.84 | NOTE | |
r-release-macos-arm64 | 0.2 | 24.00 | NOTE | |||
r-release-macos-x86_64 | 0.2 | 33.00 | NOTE | |||
r-release-windows-x86_64 | 0.2 | 6.00 | 60.00 | 66.00 | NOTE | |
r-oldrel-macos-arm64 | 0.2 | 26.00 | NOTE | |||
r-oldrel-macos-x86_64 | 0.2 | 36.00 | NOTE | |||
r-oldrel-windows-x86_64 | 0.2 | 7.00 | 65.00 | 72.00 | NOTE |
Version: 0.2
Check: LazyData
Result: NOTE
'LazyData' is specified without a 'data' directory
Flavors: r-devel-linux-x86_64-debian-clang, r-devel-linux-x86_64-debian-gcc, r-devel-linux-x86_64-fedora-clang, r-devel-linux-x86_64-fedora-gcc, r-devel-windows-x86_64, r-patched-linux-x86_64, r-release-linux-x86_64, r-release-macos-arm64, r-release-macos-x86_64, r-release-windows-x86_64, r-oldrel-macos-arm64, r-oldrel-macos-x86_64, r-oldrel-windows-x86_64