Last updated on 2024-06-17 05:49:08 CEST.
Flavor | Version | Tinstall | Tcheck | Ttotal | Status | Flags |
---|---|---|---|---|---|---|
r-devel-linux-x86_64-debian-clang | 2.0.3 | 72.44 | 345.98 | 418.42 | OK | |
r-devel-linux-x86_64-debian-gcc | 2.0.3 | 57.88 | 236.86 | 294.74 | OK | |
r-devel-linux-x86_64-fedora-clang | 2.0.3 | 509.10 | NOTE | |||
r-devel-linux-x86_64-fedora-gcc | 2.0.3 | 482.28 | OK | |||
r-devel-windows-x86_64 | 2.0.3 | 52.00 | 201.00 | 253.00 | NOTE | |
r-patched-linux-x86_64 | 2.0.3 | 46.17 | 316.85 | 363.02 | OK | |
r-release-linux-x86_64 | 2.0.3 | 46.84 | 324.36 | 371.20 | OK | |
r-release-macos-arm64 | 2.0.3 | 115.00 | NOTE | |||
r-release-macos-x86_64 | 2.0.3 | 180.00 | NOTE | |||
r-release-windows-x86_64 | 2.0.3 | 56.00 | 200.00 | 256.00 | NOTE | |
r-oldrel-macos-arm64 | 2.0.3 | 118.00 | NOTE | |||
r-oldrel-macos-x86_64 | 2.0.3 | 254.00 | NOTE | |||
r-oldrel-windows-x86_64 | 2.0.3 | 73.00 | 270.00 | 343.00 | NOTE |
Version: 2.0.3
Check: installed package size
Result: NOTE
installed size is 5.2Mb
sub-directories of 1Mb or more:
R 5.0Mb
Flavors: r-devel-linux-x86_64-fedora-clang, r-devel-windows-x86_64, r-release-macos-arm64, r-release-macos-x86_64, r-release-windows-x86_64, r-oldrel-macos-arm64, r-oldrel-macos-x86_64, r-oldrel-windows-x86_64