Last updated on 2024-06-17 05:49:08 CEST.
Flavor | Version | Tinstall | Tcheck | Ttotal | Status | Flags |
---|---|---|---|---|---|---|
r-devel-linux-x86_64-debian-clang | 1.1.5 | 120.09 | 122.88 | 242.97 | NOTE | |
r-devel-linux-x86_64-debian-gcc | 1.1.5 | 87.49 | 88.81 | 176.30 | NOTE | |
r-devel-linux-x86_64-fedora-clang | 1.1.5 | 373.68 | NOTE | |||
r-devel-linux-x86_64-fedora-gcc | 1.1.5 | 359.85 | NOTE | |||
r-devel-windows-x86_64 | 1.1.5 | 106.00 | 146.00 | 252.00 | NOTE | |
r-patched-linux-x86_64 | 1.1.5 | 110.30 | 116.78 | 227.08 | NOTE | |
r-release-linux-x86_64 | 1.1.5 | 112.30 | 115.33 | 227.63 | NOTE | |
r-release-macos-arm64 | 1.1.5 | 86.00 | NOTE | |||
r-release-macos-x86_64 | 1.1.5 | 107.00 | NOTE | |||
r-release-windows-x86_64 | 1.1.5 | 107.00 | 146.00 | 253.00 | NOTE | |
r-oldrel-macos-arm64 | 1.1.5 | 89.00 | NOTE | |||
r-oldrel-macos-x86_64 | 1.1.5 | 166.00 | NOTE | |||
r-oldrel-windows-x86_64 | 1.1.5 | 107.00 | 165.00 | 272.00 | NOTE |
Version: 1.1.5
Check: C++ specification
Result: NOTE
Specified C++14: please drop specification unless essential
Flavors: r-devel-linux-x86_64-debian-clang, r-devel-linux-x86_64-debian-gcc, r-devel-linux-x86_64-fedora-clang, r-devel-linux-x86_64-fedora-gcc, r-devel-windows-x86_64, r-patched-linux-x86_64, r-release-linux-x86_64, r-release-macos-arm64, r-release-macos-x86_64, r-release-windows-x86_64, r-oldrel-macos-arm64, r-oldrel-macos-x86_64, r-oldrel-windows-x86_64
Version: 1.1.5
Check: package dependencies
Result: NOTE
Package suggested but not available for checking: 'unix'
Flavors: r-devel-windows-x86_64, r-release-windows-x86_64, r-oldrel-windows-x86_64
Version: 1.1.5
Check: installed package size
Result: NOTE
installed size is 10.2Mb
sub-directories of 1Mb or more:
libs 8.3Mb
yacas 1.3Mb
Flavors: r-release-macos-arm64, r-release-macos-x86_64, r-oldrel-macos-arm64, r-oldrel-macos-x86_64