Last updated on 2024-06-17 05:49:08 CEST.
Flavor | Version | Tinstall | Tcheck | Ttotal | Status | Flags |
---|---|---|---|---|---|---|
r-devel-linux-x86_64-debian-clang | 27.0-0.0 | 74.69 | 57.52 | 132.21 | OK | |
r-devel-linux-x86_64-debian-gcc | 27.0-0.0 | 73.07 | 46.01 | 119.08 | OK | |
r-devel-linux-x86_64-fedora-clang | 27.0-0.0 | 192.25 | NOTE | |||
r-devel-linux-x86_64-fedora-gcc | 27.0-0.0 | 190.21 | OK | |||
r-devel-windows-x86_64 | 27.0-0.0 | 65.00 | 64.00 | 129.00 | NOTE | |
r-patched-linux-x86_64 | 27.0-0.0 | 77.41 | 56.11 | 133.52 | OK | |
r-release-linux-x86_64 | 27.0-0.0 | 80.21 | 57.69 | 137.90 | OK | |
r-release-macos-arm64 | 27.0-0.0 | 78.00 | NOTE | |||
r-release-macos-x86_64 | 27.0-0.0 | 113.00 | NOTE | |||
r-release-windows-x86_64 | 27.0-0.0 | 65.00 | 67.00 | 132.00 | NOTE | |
r-oldrel-macos-arm64 | 27.0-0.0 | 89.00 | NOTE | |||
r-oldrel-macos-x86_64 | 27.0-0.0 | 204.00 | NOTE | |||
r-oldrel-windows-x86_64 | 27.0-0.0 | 72.00 | 69.00 | 141.00 | NOTE |
Version: 27.0-0.0
Check: installed package size
Result: NOTE
installed size is 6.9Mb
sub-directories of 1Mb or more:
data 6.7Mb
Flavors: r-devel-linux-x86_64-fedora-clang, r-devel-windows-x86_64, r-release-macos-arm64, r-release-macos-x86_64, r-release-windows-x86_64, r-oldrel-macos-arm64, r-oldrel-macos-x86_64, r-oldrel-windows-x86_64