Last updated on 2024-08-15 13:48:39 CEST.
Flavor | Version | Tinstall | Tcheck | Ttotal | Status | Flags |
---|---|---|---|---|---|---|
r-devel-linux-x86_64-debian-clang | 0.4.1 | 15.61 | 66.51 | 82.12 | NOTE | |
r-devel-linux-x86_64-debian-gcc | 0.4.1 | 10.64 | 50.69 | 61.33 | NOTE | |
r-devel-linux-x86_64-fedora-clang | 0.4.1 | 139.30 | NOTE | |||
r-devel-linux-x86_64-fedora-gcc | 0.4.1 | 144.30 | NOTE | |||
r-devel-windows-x86_64 | 0.4.1 | 18.00 | 143.00 | 161.00 | NOTE | |
r-patched-linux-x86_64 | 0.4.1 | 14.84 | 64.88 | 79.72 | NOTE | |
r-release-linux-x86_64 | 0.4.1 | 15.11 | 64.47 | 79.58 | NOTE | |
r-release-macos-arm64 | 0.4.1 | 52.00 | NOTE | |||
r-release-macos-x86_64 | 0.4.1 | 74.00 | NOTE | |||
r-release-windows-x86_64 | 0.4.1 | 19.00 | 145.00 | 164.00 | NOTE | |
r-oldrel-macos-arm64 | 0.4.1 | 56.00 | NOTE | |||
r-oldrel-macos-x86_64 | 0.4.1 | 79.00 | NOTE | |||
r-oldrel-windows-x86_64 | 0.4.1 | 24.00 | 142.00 | 166.00 | NOTE |
Version: 0.4.1
Check: C++ specification
Result: NOTE
Specified C++11: please drop specification unless essential
Flavors: r-devel-linux-x86_64-debian-clang, r-devel-linux-x86_64-debian-gcc, r-devel-linux-x86_64-fedora-clang, r-devel-linux-x86_64-fedora-gcc, r-devel-windows-x86_64, r-patched-linux-x86_64, r-release-linux-x86_64, r-release-macos-arm64, r-release-macos-x86_64, r-release-windows-x86_64, r-oldrel-macos-arm64, r-oldrel-macos-x86_64, r-oldrel-windows-x86_64