Last updated on 2024-08-16 12:49:23 CEST.
Flavor | Version | Tinstall | Tcheck | Ttotal | Status | Flags |
---|---|---|---|---|---|---|
r-devel-linux-x86_64-debian-clang | 1.1.0 | 9.67 | 135.04 | 144.71 | NOTE | |
r-devel-linux-x86_64-debian-gcc | 1.1.0 | 6.36 | 97.06 | 103.42 | NOTE | |
r-devel-linux-x86_64-fedora-clang | 1.1.0 | 231.11 | NOTE | |||
r-devel-linux-x86_64-fedora-gcc | 1.1.0 | 232.88 | NOTE | |||
r-devel-windows-x86_64 | 1.1.0 | 11.00 | 302.00 | 313.00 | NOTE | |
r-patched-linux-x86_64 | 1.1.0 | 8.64 | 125.71 | 134.35 | NOTE | |
r-release-linux-x86_64 | 1.1.0 | 8.47 | 127.33 | 135.80 | NOTE | |
r-release-macos-arm64 | 1.1.0 | 68.00 | NOTE | |||
r-release-macos-x86_64 | 1.1.0 | 110.00 | NOTE | |||
r-release-windows-x86_64 | 1.1.0 | 11.00 | 295.00 | 306.00 | NOTE | |
r-oldrel-macos-arm64 | 1.1.0 | 89.00 | NOTE | |||
r-oldrel-macos-x86_64 | 1.1.0 | 122.00 | NOTE | |||
r-oldrel-windows-x86_64 | 1.1.0 | 13.00 | 362.00 | 375.00 | NOTE |
Version: 1.1.0
Check: LazyData
Result: NOTE
'LazyData' is specified without a 'data' directory
Flavors: r-devel-linux-x86_64-debian-clang, r-devel-linux-x86_64-debian-gcc, r-devel-linux-x86_64-fedora-clang, r-devel-linux-x86_64-fedora-gcc, r-devel-windows-x86_64, r-patched-linux-x86_64, r-release-linux-x86_64, r-release-macos-arm64, r-release-macos-x86_64, r-release-windows-x86_64, r-oldrel-macos-arm64, r-oldrel-macos-x86_64, r-oldrel-windows-x86_64