Last updated on 2024-08-15 13:48:40 CEST.
Flavor | Version | Tinstall | Tcheck | Ttotal | Status | Flags |
---|---|---|---|---|---|---|
r-devel-linux-x86_64-debian-clang | 1.0.7 | 13.12 | 89.49 | 102.61 | NOTE | |
r-devel-linux-x86_64-debian-gcc | 1.0.7 | 9.24 | 62.94 | 72.18 | NOTE | |
r-devel-linux-x86_64-fedora-clang | 1.0.7 | 162.76 | NOTE | |||
r-devel-linux-x86_64-fedora-gcc | 1.0.7 | 153.24 | NOTE | |||
r-devel-windows-x86_64 | 1.0.7 | 15.00 | 103.00 | 118.00 | NOTE | |
r-patched-linux-x86_64 | 1.0.7 | 13.04 | 83.15 | 96.19 | NOTE | |
r-release-linux-x86_64 | 1.0.7 | 12.74 | 83.02 | 95.76 | NOTE | |
r-release-macos-arm64 | 1.0.7 | 43.00 | NOTE | |||
r-release-macos-x86_64 | 1.0.7 | 75.00 | NOTE | |||
r-release-windows-x86_64 | 1.0.7 | 16.00 | 103.00 | 119.00 | NOTE | |
r-oldrel-macos-arm64 | 1.0.7 | 46.00 | OK | |||
r-oldrel-macos-x86_64 | 1.0.7 | 82.00 | OK | |||
r-oldrel-windows-x86_64 | 1.0.7 | 20.00 | 126.00 | 146.00 | OK |
Version: 1.0.7
Check: Rd files
Result: NOTE
checkRd: (-1) binary_transform.Rd:16: Lost braces; missing escapes or markup?
16 | Converts any variable with two possible values to a {0,1} binary
| ^
checkRd: (-1) binary_transform.Rd:13: Lost braces; missing escapes or markup?
13 | A vector with values in {0,1}.
| ^
Flavors: r-devel-linux-x86_64-debian-clang, r-devel-linux-x86_64-debian-gcc, r-devel-linux-x86_64-fedora-clang, r-devel-linux-x86_64-fedora-gcc, r-devel-windows-x86_64, r-patched-linux-x86_64, r-release-linux-x86_64, r-release-macos-arm64, r-release-macos-x86_64, r-release-windows-x86_64