Last updated on 2024-08-16 12:49:23 CEST.
Flavor | Version | Tinstall | Tcheck | Ttotal | Status | Flags |
---|---|---|---|---|---|---|
r-devel-linux-x86_64-debian-clang | 0.3.1 | 9.15 | 67.58 | 76.73 | OK | |
r-devel-linux-x86_64-debian-gcc | 0.3.1 | 6.71 | 49.10 | 55.81 | OK | |
r-devel-linux-x86_64-fedora-clang | 0.3.1 | 125.64 | NOTE | |||
r-devel-linux-x86_64-fedora-gcc | 0.3.1 | 116.79 | OK | |||
r-devel-windows-x86_64 | 0.3.1 | 10.00 | 199.00 | 209.00 | OK | |
r-patched-linux-x86_64 | 0.3.1 | 10.20 | 63.28 | 73.48 | OK | |
r-release-linux-x86_64 | 0.3.1 | 9.56 | 63.20 | 72.76 | OK | |
r-release-macos-arm64 | 0.3.1 | 46.00 | OK | |||
r-release-macos-x86_64 | 0.3.1 | 62.00 | OK | |||
r-release-windows-x86_64 | 0.3.1 | 10.00 | 178.00 | 188.00 | OK | |
r-oldrel-macos-arm64 | 0.3.1 | 38.00 | OK | |||
r-oldrel-macos-x86_64 | 0.3.1 | 58.00 | OK | |||
r-oldrel-windows-x86_64 | 0.3.1 | 15.00 | 230.00 | 245.00 | OK |
Version: 0.3.1
Check: Rd cross-references
Result: NOTE
Undeclared package ‘gimms’ in Rd xrefs
Flavor: r-devel-linux-x86_64-fedora-clang