Last updated on 2024-08-16 12:49:03 CEST.
Flavor | Version | Tinstall | Tcheck | Ttotal | Status | Flags |
---|---|---|---|---|---|---|
r-devel-linux-x86_64-debian-clang | 0.7.5.6 | 8.26 | 81.80 | 90.06 | NOTE | |
r-devel-linux-x86_64-debian-gcc | 0.7.5.6 | 6.10 | 59.57 | 65.67 | NOTE | |
r-devel-linux-x86_64-fedora-clang | 0.7.5.6 | 142.33 | NOTE | |||
r-devel-linux-x86_64-fedora-gcc | 0.7.5.6 | 153.30 | NOTE | |||
r-devel-windows-x86_64 | 0.7.5.6 | 10.00 | 166.00 | 176.00 | NOTE | |
r-patched-linux-x86_64 | 0.7.5.6 | 10.06 | 76.34 | 86.40 | NOTE | |
r-release-linux-x86_64 | 0.7.5.6 | 8.07 | 76.87 | 84.94 | NOTE | |
r-release-macos-arm64 | 0.7.5.6 | 49.00 | NOTE | |||
r-release-macos-x86_64 | 0.7.5.6 | 74.00 | NOTE | |||
r-release-windows-x86_64 | 0.7.5.6 | 10.00 | 165.00 | 175.00 | NOTE | |
r-oldrel-macos-arm64 | 0.7.5.6 | 49.00 | OK | |||
r-oldrel-macos-x86_64 | 0.7.5.6 | 82.00 | OK | |||
r-oldrel-windows-x86_64 | 0.7.5.6 | 12.00 | 149.00 | 161.00 | OK |
Version: 0.7.5.6
Check: Rd files
Result: NOTE
checkRd: (-1) concat.Rd:35: Lost braces; missing escapes or markup?
35 | \item{index_unique}{Whether to make the index unique by using the keys. If provided, this is the delimeter between "{orig_idx}{index_unique}{key}". When \code{NULL}, the original indices are kept.}
| ^
checkRd: (-1) concat.Rd:35: Lost braces
35 | \item{index_unique}{Whether to make the index unique by using the keys. If provided, this is the delimeter between "{orig_idx}{index_unique}{key}". When \code{NULL}, the original indices are kept.}
| ^
checkRd: (-1) concat.Rd:35: Lost braces
35 | \item{index_unique}{Whether to make the index unique by using the keys. If provided, this is the delimeter between "{orig_idx}{index_unique}{key}". When \code{NULL}, the original indices are kept.}
| ^
Flavors: r-devel-linux-x86_64-debian-clang, r-devel-linux-x86_64-debian-gcc, r-devel-linux-x86_64-fedora-clang, r-devel-linux-x86_64-fedora-gcc, r-devel-windows-x86_64, r-patched-linux-x86_64, r-release-linux-x86_64, r-release-macos-arm64, r-release-macos-x86_64, r-release-windows-x86_64