Last updated on 2024-08-16 12:49:03 CEST.
Flavor | Version | Tinstall | Tcheck | Ttotal | Status | Flags |
---|---|---|---|---|---|---|
r-devel-linux-x86_64-debian-clang | 0.3.0 | 115.97 | 33.07 | 149.04 | NOTE | |
r-devel-linux-x86_64-debian-gcc | 0.3.0 | 91.54 | 24.39 | 115.93 | NOTE | |
r-devel-linux-x86_64-fedora-clang | 0.3.0 | 285.44 | NOTE | |||
r-devel-linux-x86_64-fedora-gcc | 0.3.0 | 276.56 | NOTE | |||
r-devel-windows-x86_64 | 0.3.0 | 106.00 | 69.00 | 175.00 | NOTE | |
r-patched-linux-x86_64 | 0.3.0 | 114.06 | 32.07 | 146.13 | NOTE | |
r-release-linux-x86_64 | 0.3.0 | 114.68 | 31.41 | 146.09 | NOTE | |
r-release-macos-arm64 | 0.3.0 | 65.00 | NOTE | |||
r-release-macos-x86_64 | 0.3.0 | 92.00 | NOTE | |||
r-release-windows-x86_64 | 0.3.0 | 113.00 | 64.00 | 177.00 | NOTE | |
r-oldrel-macos-arm64 | 0.3.0 | 65.00 | NOTE | |||
r-oldrel-macos-x86_64 | 0.3.0 | 139.00 | NOTE | |||
r-oldrel-windows-x86_64 | 0.3.0 | 127.00 | 72.00 | 199.00 | NOTE |
Version: 0.3.0
Check: package dependencies
Result: NOTE
Package suggested but not available for checking: ‘arcgisbinding’
Flavors: r-devel-linux-x86_64-debian-clang, r-devel-linux-x86_64-debian-gcc, r-devel-linux-x86_64-fedora-clang, r-devel-linux-x86_64-fedora-gcc, r-devel-windows-x86_64, r-patched-linux-x86_64, r-release-linux-x86_64, r-release-macos-arm64, r-release-macos-x86_64, r-release-windows-x86_64, r-oldrel-macos-arm64, r-oldrel-macos-x86_64, r-oldrel-windows-x86_64
Version: 0.3.0
Check: compiled code
Result: NOTE
File ‘arcgisutils/libs/arcgisutils.so’:
Found non-API calls to R: ‘PRCODE’, ‘PRENV’
Compiled code should not call non-API entry points in R.
See ‘Writing portable packages’ in the ‘Writing R Extensions’ manual,
and section ‘Moving into C API compliance’ for issues with the use of
non-API entry points.
Flavors: r-devel-linux-x86_64-debian-clang, r-devel-linux-x86_64-debian-gcc, r-devel-linux-x86_64-fedora-clang, r-devel-linux-x86_64-fedora-gcc
Version: 0.3.0
Check: installed package size
Result: NOTE
installed size is 5.4Mb
sub-directories of 1Mb or more:
libs 5.1Mb
Flavor: r-devel-linux-x86_64-fedora-clang
Version: 0.3.0
Check: compiled code
Result: NOTE
File 'arcgisutils/libs/x64/arcgisutils.dll':
Found non-API calls to R: 'PRCODE', 'PRENV'
Compiled code should not call non-API entry points in R.
See 'Writing portable packages' in the 'Writing R Extensions' manual,
and section 'Moving into C API compliance' for issues with the use of
non-API entry points.
Flavor: r-devel-windows-x86_64