Last updated on 2024-08-15 13:48:21 CEST.
Flavor | Version | Tinstall | Tcheck | Ttotal | Status | Flags |
---|---|---|---|---|---|---|
r-devel-linux-x86_64-debian-clang | 0.2.37 | 10.91 | 77.28 | 88.19 | NOTE | |
r-devel-linux-x86_64-debian-gcc | 0.2.37 | 7.82 | 56.95 | 64.77 | NOTE | |
r-devel-linux-x86_64-fedora-clang | 0.2.37 | 135.80 | OK | |||
r-devel-linux-x86_64-fedora-gcc | 0.2.37 | 127.89 | OK | |||
r-devel-windows-x86_64 | 0.2.37 | 12.00 | 82.00 | 94.00 | NOTE | |
r-patched-linux-x86_64 | 0.2.37 | 17.31 | 72.81 | 90.12 | OK | |
r-release-linux-x86_64 | 0.2.37 | 8.76 | 72.90 | 81.66 | OK | |
r-release-macos-arm64 | 0.2.37 | 39.00 | OK | |||
r-release-macos-x86_64 | 0.2.37 | 56.00 | OK | |||
r-release-windows-x86_64 | 0.2.37 | 13.00 | 83.00 | 96.00 | OK | |
r-oldrel-macos-arm64 | 0.2.37 | 53.00 | OK | |||
r-oldrel-macos-x86_64 | 0.2.37 | 88.00 | OK | |||
r-oldrel-windows-x86_64 | 0.2.37 | 16.00 | 102.00 | 118.00 | OK |
Version: 0.2.37
Check: Rd cross-references
Result: NOTE
Found the following Rd file(s) with Rd \link{} targets missing package
anchors:
gettaxo.Rd: taxize
Please provide package anchors for all Rd \link{} targets not in the
package itself and the base packages.
Flavors: r-devel-linux-x86_64-debian-clang, r-devel-linux-x86_64-debian-gcc, r-devel-windows-x86_64