Last updated on 2024-08-15 13:48:21 CEST.
Flavor | Version | Tinstall | Tcheck | Ttotal | Status | Flags |
---|---|---|---|---|---|---|
r-devel-linux-x86_64-debian-clang | 1.15.0 | 8.69 | 211.32 | 220.01 | NOTE | |
r-devel-linux-x86_64-debian-gcc | 1.15.0 | 5.85 | 142.00 | 147.85 | NOTE | |
r-devel-linux-x86_64-fedora-clang | 1.15.0 | 348.15 | NOTE | |||
r-devel-linux-x86_64-fedora-gcc | 1.15.0 | 397.04 | NOTE | |||
r-devel-windows-x86_64 | 1.15.0 | 9.00 | 204.00 | 213.00 | OK | |
r-patched-linux-x86_64 | 1.15.0 | 11.72 | 195.63 | 207.35 | NOTE | |
r-release-linux-x86_64 | 1.15.0 | 7.13 | 199.95 | 207.08 | NOTE | |
r-release-macos-arm64 | 1.15.0 | 114.00 | OK | |||
r-release-macos-x86_64 | 1.15.0 | 171.00 | OK | |||
r-release-windows-x86_64 | 1.15.0 | 9.00 | 205.00 | 214.00 | OK | |
r-oldrel-macos-arm64 | 1.15.0 | 105.00 | OK | |||
r-oldrel-macos-x86_64 | 1.15.0 | 268.00 | OK | |||
r-oldrel-windows-x86_64 | 1.15.0 | 12.00 | 271.00 | 283.00 | OK |
Version: 1.15.0
Check: package dependencies
Result: NOTE
Package suggested but not available for checking: ‘biglmm’
Flavors: r-devel-linux-x86_64-debian-clang, r-devel-linux-x86_64-debian-gcc, r-devel-linux-x86_64-fedora-clang, r-devel-linux-x86_64-fedora-gcc, r-patched-linux-x86_64, r-release-linux-x86_64