Last updated on 2024-08-15 13:48:22 CEST.
Flavor | Version | Tinstall | Tcheck | Ttotal | Status | Flags |
---|---|---|---|---|---|---|
r-devel-linux-x86_64-debian-clang | 0.2-3 | 1.90 | 33.98 | 35.88 | OK | |
r-devel-linux-x86_64-debian-gcc | 0.2-3 | 1.72 | 26.04 | 27.76 | OK | |
r-devel-linux-x86_64-fedora-clang | 0.2-3 | 59.91 | OK | |||
r-devel-linux-x86_64-fedora-gcc | 0.2-3 | 69.36 | OK | |||
r-devel-windows-x86_64 | 0.2-3 | 3.00 | 72.00 | 75.00 | OK | |
r-patched-linux-x86_64 | 0.2-3 | 2.18 | 32.50 | 34.68 | OK | |
r-release-linux-x86_64 | 0.2-3 | 1.99 | 32.02 | 34.01 | OK | |
r-release-macos-arm64 | 0.2-3 | 27.00 | OK | |||
r-release-macos-x86_64 | 0.2-3 | 44.00 | WARN | |||
r-release-windows-x86_64 | 0.2-3 | 3.00 | 80.00 | 83.00 | OK | |
r-oldrel-macos-arm64 | 0.2-3 | 28.00 | OK | |||
r-oldrel-macos-x86_64 | 0.2-3 | 42.00 | OK | |||
r-oldrel-windows-x86_64 | 0.2-3 | 4.00 | 71.00 | 75.00 | OK |
Version: 0.2-3
Check: re-building of vignette outputs
Result: WARN
Error(s) in re-building vignettes:
...
--- re-building ‘coenocliner.Rnw’ using knitr
Error: processing vignette 'coenocliner.Rnw' failed with diagnostics:
Running 'texi2dvi' on 'coenocliner.tex' failed.
LaTeX errors:
! Undefined control sequence.
l.132 \hlkwd{library}\hldef
{(}\hlsng{"coenocliner"}\hldef{)}
?
! Emergency stop.
! Emergency stop.
l.132
End of file on the terminal!
! ==> Fatal error occurred, no output PDF file produced!
--- failed re-building ‘coenocliner.Rnw’
SUMMARY: processing the following file failed:
‘coenocliner.Rnw’
Error: Vignette re-building failed.
Execution halted
Flavor: r-release-macos-x86_64