Last updated on 2024-06-17 05:48:54 CEST.
Flavor | Version | Tinstall | Tcheck | Ttotal | Status | Flags |
---|---|---|---|---|---|---|
r-devel-linux-x86_64-debian-clang | 0.1.4 | 9.56 | 77.37 | 86.93 | NOTE | |
r-devel-linux-x86_64-debian-gcc | 0.1.4 | 6.38 | 57.27 | 63.65 | NOTE | |
r-devel-linux-x86_64-fedora-clang | 0.1.4 | 104.87 | NOTE | |||
r-devel-linux-x86_64-fedora-gcc | 0.1.4 | 99.81 | NOTE | |||
r-devel-windows-x86_64 | 0.1.4 | 8.00 | 75.00 | 83.00 | NOTE | |
r-patched-linux-x86_64 | 0.1.4 | 12.49 | 74.33 | 86.82 | NOTE | |
r-release-linux-x86_64 | 0.1.4 | 7.63 | 72.64 | 80.27 | NOTE | |
r-release-macos-arm64 | 0.1.4 | 33.00 | NOTE | |||
r-release-macos-x86_64 | 0.1.4 | 53.00 | NOTE | |||
r-release-windows-x86_64 | 0.1.4 | 8.00 | 74.00 | 82.00 | NOTE | |
r-oldrel-macos-arm64 | 0.1.4 | 32.00 | NOTE | |||
r-oldrel-macos-x86_64 | 0.1.4 | 51.00 | NOTE | |||
r-oldrel-windows-x86_64 | 0.1.4 | 11.00 | 85.00 | 96.00 | NOTE |
Version: 0.1.4
Check: LazyData
Result: NOTE
'LazyData' is specified without a 'data' directory
Flavors: r-devel-linux-x86_64-debian-clang, r-devel-linux-x86_64-debian-gcc, r-devel-linux-x86_64-fedora-clang, r-devel-linux-x86_64-fedora-gcc, r-devel-windows-x86_64, r-patched-linux-x86_64, r-release-linux-x86_64, r-release-macos-arm64, r-release-macos-x86_64, r-release-windows-x86_64, r-oldrel-macos-arm64, r-oldrel-macos-x86_64, r-oldrel-windows-x86_64