Last updated on 2024-06-17 05:48:54 CEST.
Flavor | Version | Tinstall | Tcheck | Ttotal | Status | Flags |
---|---|---|---|---|---|---|
r-devel-linux-x86_64-debian-clang | 1.1-3 | 61.66 | 952.27 | 1013.93 | OK | |
r-devel-linux-x86_64-debian-gcc | 1.1-3 | 45.75 | 661.18 | 706.93 | OK | |
r-devel-linux-x86_64-fedora-clang | 1.1-3 | 1208.61 | NOTE | |||
r-devel-linux-x86_64-fedora-gcc | 1.1-3 | 1155.50 | OK | |||
r-devel-windows-x86_64 | 1.1-3 | 52.00 | 438.00 | 490.00 | NOTE | --no-vignettes |
r-patched-linux-x86_64 | 1.1-3 | 60.57 | 897.16 | 957.73 | OK | |
r-release-linux-x86_64 | 1.1-3 | 51.38 | 904.69 | 956.07 | OK | |
r-release-macos-arm64 | 1.1-3 | 311.00 | NOTE | |||
r-release-macos-x86_64 | 1.1-3 | 568.00 | NOTE | |||
r-release-windows-x86_64 | 1.1-3 | 51.00 | 444.00 | 495.00 | NOTE | --no-vignettes |
r-oldrel-macos-arm64 | 1.1-3 | 346.00 | NOTE | |||
r-oldrel-macos-x86_64 | 1.1-3 | 732.00 | NOTE | |||
r-oldrel-windows-x86_64 | 1.1-3 | 68.00 | 470.00 | 538.00 | NOTE | --no-vignettes |
Version: 1.1-3
Check: installed package size
Result: NOTE
installed size is 7.8Mb
sub-directories of 1Mb or more:
R 2.1Mb
doc 3.5Mb
Flavors: r-devel-linux-x86_64-fedora-clang, r-release-macos-arm64, r-release-macos-x86_64, r-oldrel-macos-arm64, r-oldrel-macos-x86_64
Version: 1.1-3
Flags: --no-vignettes
Check: installed package size
Result: NOTE
installed size is 7.6Mb
sub-directories of 1Mb or more:
R 2.1Mb
doc 3.5Mb
Flavors: r-devel-windows-x86_64, r-release-windows-x86_64, r-oldrel-windows-x86_64