Last updated on 2024-08-16 12:49:06 CEST.
Flavor | Version | Tinstall | Tcheck | Ttotal | Status | Flags |
---|---|---|---|---|---|---|
r-devel-linux-x86_64-debian-clang | 0.7-12 | 21.78 | 115.91 | 137.69 | OK | |
r-devel-linux-x86_64-debian-gcc | 0.7-12 | 13.16 | 80.53 | 93.69 | OK | |
r-devel-linux-x86_64-fedora-clang | 0.7-12 | 222.52 | OK | |||
r-devel-linux-x86_64-fedora-gcc | 0.7-12 | 219.93 | OK | |||
r-devel-windows-x86_64 | 0.7-12 | 25.00 | 135.00 | 160.00 | OK | |
r-patched-linux-x86_64 | 0.7-12 | 20.47 | 105.92 | 126.39 | OK | |
r-release-linux-x86_64 | 0.7-12 | 19.64 | 108.66 | 128.30 | OK | |
r-release-macos-arm64 | 0.7-12 | 66.00 | WARN | |||
r-release-macos-x86_64 | 0.7-12 | 119.00 | OK | |||
r-release-windows-x86_64 | 0.7-12 | 29.00 | 135.00 | 164.00 | OK | |
r-oldrel-macos-arm64 | 0.7-12 | 76.00 | NOTE | |||
r-oldrel-macos-x86_64 | 0.7-12 | 144.00 | OK | |||
r-oldrel-windows-x86_64 | 0.7-12 | 33.00 | 152.00 | 185.00 | OK |
Version: 0.7-12
Check: re-building of vignette outputs
Result: WARN
Error(s) in re-building vignettes:
...
--- re-building ‘cplm.Rnw’ using Sweave
Loading required package: coda
Loading required package: Matrix
Loading required package: splines
Error: processing vignette 'cplm.Rnw' failed with diagnostics:
Running 'texi2dvi' on 'cplm.tex' failed.
LaTeX errors:
!pdfTeX error: pdflatex (file bbm10): Font bbm10 at 600 not found
==> Fatal error occurred, no output PDF file produced!
--- failed re-building ‘cplm.Rnw’
SUMMARY: processing the following file failed:
‘cplm.Rnw’
Error: Vignette re-building failed.
Execution halted
Flavor: r-release-macos-arm64
Version: 0.7-12
Check: re-building of vignette outputs
Result: NOTE
Error(s) in re-building vignettes:
...
--- re-building ‘cplm.Rnw’ using Sweave
Loading required package: coda
Loading required package: Matrix
Loading required package: splines
Error: processing vignette 'cplm.Rnw' failed with diagnostics:
Running 'texi2dvi' on 'cplm.tex' failed.
LaTeX errors:
!pdfTeX error: pdflatex (file bbm10): Font bbm10 at 600 not found
==> Fatal error occurred, no output PDF file produced!
--- failed re-building ‘cplm.Rnw’
SUMMARY: processing the following file failed:
‘cplm.Rnw’
Error: Vignette re-building failed.
Execution halted
Flavor: r-oldrel-macos-arm64