Last updated on 2024-08-16 12:49:06 CEST.
Flavor | Version | Tinstall | Tcheck | Ttotal | Status | Flags |
---|---|---|---|---|---|---|
r-devel-linux-x86_64-debian-clang | 0.1 | 8.61 | 88.58 | 97.19 | NOTE | |
r-devel-linux-x86_64-debian-gcc | 0.1 | 5.86 | 62.32 | 68.18 | NOTE | |
r-devel-linux-x86_64-fedora-clang | 0.1 | 158.11 | OK | |||
r-devel-linux-x86_64-fedora-gcc | 0.1 | 160.14 | OK | |||
r-devel-windows-x86_64 | 0.1 | 8.00 | 128.00 | 136.00 | NOTE | |
r-patched-linux-x86_64 | 0.1 | 8.21 | 84.26 | 92.47 | OK | |
r-release-linux-x86_64 | 0.1 | 7.47 | 83.20 | 90.67 | OK | |
r-release-macos-arm64 | 0.1 | 54.00 | OK | |||
r-release-macos-x86_64 | 0.1 | 83.00 | OK | |||
r-release-windows-x86_64 | 0.1 | 9.00 | 130.00 | 139.00 | OK | |
r-oldrel-macos-arm64 | 0.1 | 57.00 | OK | |||
r-oldrel-macos-x86_64 | 0.1 | 99.00 | OK | |||
r-oldrel-windows-x86_64 | 0.1 | 11.00 | 141.00 | 152.00 | OK |
Version: 0.1
Check: Rd cross-references
Result: NOTE
Found the following Rd file(s) with Rd \link{} targets missing package
anchors:
nelsonaalen_npdf.Rd: survfit
npdf_cox.Rd: Surv
plot.npdf.Rd: survfit.formula, plot.survfit
survfit_npdf.Rd: survfit.formula
Please provide package anchors for all Rd \link{} targets not in the
package itself and the base packages.
Flavors: r-devel-linux-x86_64-debian-clang, r-devel-linux-x86_64-debian-gcc, r-devel-windows-x86_64