Last updated on 2024-08-15 13:48:24 CEST.
Flavor | Version | Tinstall | Tcheck | Ttotal | Status | Flags |
---|---|---|---|---|---|---|
r-devel-linux-x86_64-debian-clang | 2.8.2 | 18.76 | 52.99 | 71.75 | OK | |
r-devel-linux-x86_64-debian-gcc | 2.8.2 | 10.60 | 38.32 | 48.92 | OK | |
r-devel-linux-x86_64-fedora-clang | 2.8.2 | 113.29 | NOTE | |||
r-devel-linux-x86_64-fedora-gcc | 2.8.2 | 107.98 | OK | |||
r-devel-windows-x86_64 | 2.8.2 | 17.00 | 73.00 | 90.00 | OK | |
r-patched-linux-x86_64 | 2.8.2 | 17.07 | 49.86 | 66.93 | OK | |
r-release-linux-x86_64 | 2.8.2 | 16.58 | 49.83 | 66.41 | OK | |
r-release-macos-arm64 | 2.8.2 | 36.00 | OK | |||
r-release-macos-x86_64 | 2.8.2 | 56.00 | OK | |||
r-release-windows-x86_64 | 2.8.2 | 17.00 | 75.00 | 92.00 | OK | |
r-oldrel-macos-arm64 | 2.8.2 | 50.00 | OK | |||
r-oldrel-macos-x86_64 | 2.8.2 | 67.00 | OK | |||
r-oldrel-windows-x86_64 | 2.8.2 | 23.00 | 80.00 | 103.00 | OK |
Version: 2.8.2
Check: Rd cross-references
Result: NOTE
Undeclared package ‘distr’ in Rd xrefs
Flavor: r-devel-linux-x86_64-fedora-clang