Last updated on 2024-08-16 12:49:07 CEST.
Flavor | Version | Tinstall | Tcheck | Ttotal | Status | Flags |
---|---|---|---|---|---|---|
r-devel-linux-x86_64-debian-clang | 0.4.0 | 2.58 | 39.59 | 42.17 | OK | |
r-devel-linux-x86_64-debian-gcc | 0.4.0 | 1.85 | 32.41 | 34.26 | OK | |
r-devel-linux-x86_64-fedora-clang | 0.4.0 | 67.96 | NOTE | |||
r-devel-linux-x86_64-fedora-gcc | 0.4.0 | 78.65 | OK | |||
r-devel-windows-x86_64 | 0.4.0 | 5.00 | 61.00 | 66.00 | NOTE | |
r-patched-linux-x86_64 | 0.4.0 | 1.60 | 38.38 | 39.98 | OK | |
r-release-linux-x86_64 | 0.4.0 | 2.14 | 38.26 | 40.40 | OK | |
r-release-macos-arm64 | 0.4.0 | 41.00 | NOTE | |||
r-release-macos-x86_64 | 0.4.0 | 88.00 | NOTE | |||
r-release-windows-x86_64 | 0.4.0 | 6.00 | 62.00 | 68.00 | NOTE | |
r-oldrel-macos-arm64 | 0.4.0 | 49.00 | NOTE | |||
r-oldrel-macos-x86_64 | 0.4.0 | 71.00 | NOTE | |||
r-oldrel-windows-x86_64 | 0.4.0 | 6.00 | 67.00 | 73.00 | NOTE |
Version: 0.4.0
Check: installed package size
Result: NOTE
installed size is 5.4Mb
sub-directories of 1Mb or more:
assets 2.9Mb
doc 2.2Mb
Flavors: r-devel-linux-x86_64-fedora-clang, r-devel-windows-x86_64, r-release-macos-arm64, r-release-macos-x86_64, r-release-windows-x86_64, r-oldrel-macos-arm64, r-oldrel-macos-x86_64, r-oldrel-windows-x86_64