Last updated on 2024-08-16 12:49:07 CEST.
Flavor | Version | Tinstall | Tcheck | Ttotal | Status | Flags |
---|---|---|---|---|---|---|
r-devel-linux-x86_64-debian-clang | 1.0.4 | 3.41 | 128.81 | 132.22 | OK | |
r-devel-linux-x86_64-debian-gcc | 1.0.4 | 2.37 | 87.15 | 89.52 | OK | |
r-devel-linux-x86_64-fedora-clang | 1.0.4 | 215.84 | OK | |||
r-devel-linux-x86_64-fedora-gcc | 1.0.4 | 218.29 | OK | |||
r-devel-windows-x86_64 | 1.0.4 | 5.00 | 153.00 | 158.00 | OK | |
r-patched-linux-x86_64 | 1.0.4 | 3.31 | 120.92 | 124.23 | OK | |
r-release-linux-x86_64 | 1.0.4 | 3.21 | 121.80 | 125.01 | OK | |
r-release-macos-arm64 | 1.0.4 | 94.00 | OK | |||
r-release-macos-x86_64 | 1.0.4 | 236.00 | OK | |||
r-release-windows-x86_64 | 1.0.4 | 5.00 | 155.00 | 160.00 | OK | |
r-oldrel-macos-arm64 | 1.0.4 | 104.00 | ERROR | |||
r-oldrel-macos-x86_64 | 1.0.4 | 293.00 | ERROR | |||
r-oldrel-windows-x86_64 | 1.0.4 | 5.00 | 176.00 | 181.00 | OK |
Version: 1.0.4
Check: running R code from vignettes
Result: ERROR
Errors in running code in vignettes:
when running code in ‘end_to_end_workflow.rmd’
...
> knitr::opts_chunk$set(collapse = TRUE, comment = "#>",
+ eval = FALSE, out.width = "100%")
> DefaultAssay(s) = "RNA"
When sourcing ‘end_to_end_workflow.R’:
Error: object 's' not found
Execution halted
‘additional_topics.Rmd’ using ‘UTF-8’... [1s/1s] OK
‘end_to_end_workflow.rmd’ using ‘UTF-8’... failed
‘no_empty_drops.Rmd’ using ‘UTF-8’... [9s/10s] OK
‘understanding_dsb.Rmd’ using ‘UTF-8’... [14s/16s] OK
Flavor: r-oldrel-macos-arm64
Version: 1.0.4
Check: running R code from vignettes
Result: ERROR
Errors in running code in vignettes:
when running code in ‘end_to_end_workflow.rmd’
...
> knitr::opts_chunk$set(collapse = TRUE, comment = "#>",
+ eval = FALSE, out.width = "100%")
> DefaultAssay(s) = "RNA"
When sourcing ‘end_to_end_workflow.R’:
Error: object 's' not found
Execution halted
‘additional_topics.Rmd’ using ‘UTF-8’... [1s/2s] OK
‘end_to_end_workflow.rmd’ using ‘UTF-8’... failed
‘no_empty_drops.Rmd’ using ‘UTF-8’... [16s/37s] OK
‘understanding_dsb.Rmd’ using ‘UTF-8’... [26s/62s] OK
Flavor: r-oldrel-macos-x86_64