Last updated on 2024-08-16 12:49:08 CEST.
Flavor | Version | Tinstall | Tcheck | Ttotal | Status | Flags |
---|---|---|---|---|---|---|
r-devel-linux-x86_64-debian-clang | 1.0.0 | 5.86 | 98.36 | 104.22 | NOTE | |
r-devel-linux-x86_64-debian-gcc | 1.0.0 | 4.55 | 57.96 | 62.51 | NOTE | |
r-devel-linux-x86_64-fedora-clang | 1.0.0 | 171.47 | NOTE | |||
r-devel-linux-x86_64-fedora-gcc | 1.0.0 | 178.83 | NOTE | |||
r-devel-windows-x86_64 | 1.0.0 | 7.00 | 114.00 | 121.00 | NOTE | |
r-patched-linux-x86_64 | 1.0.0 | 5.28 | 86.58 | 91.86 | NOTE | |
r-release-linux-x86_64 | 1.0.0 | 6.30 | 93.78 | 100.08 | NOTE | |
r-release-macos-arm64 | 1.0.0 | 51.00 | NOTE | |||
r-release-macos-x86_64 | 1.0.0 | 91.00 | NOTE | |||
r-release-windows-x86_64 | 1.0.0 | 8.00 | 117.00 | 125.00 | NOTE | |
r-oldrel-macos-arm64 | 1.0.0 | 53.00 | OK | |||
r-oldrel-macos-x86_64 | 1.0.0 | 134.00 | OK | |||
r-oldrel-windows-x86_64 | 1.0.0 | 11.00 | 116.00 | 127.00 | OK |
Version: 1.0.0
Check: Rd files
Result: NOTE
checkRd: (-1) fra_sf.Rd:22: Lost braces; missing escapes or markup?
22 | A map of France as {sf} object. Can be used as dataset or for maps
| ^
Flavors: r-devel-linux-x86_64-debian-clang, r-devel-linux-x86_64-debian-gcc, r-devel-linux-x86_64-fedora-clang, r-devel-linux-x86_64-fedora-gcc, r-devel-windows-x86_64, r-patched-linux-x86_64, r-release-linux-x86_64, r-release-macos-arm64, r-release-macos-x86_64, r-release-windows-x86_64
Version: 1.0.0
Check: data for non-ASCII characters
Result: NOTE
Note: found 55 marked UTF-8 strings
Flavors: r-devel-linux-x86_64-fedora-clang, r-devel-linux-x86_64-fedora-gcc