Last updated on 2024-08-16 12:49:08 CEST.
Flavor | Version | Tinstall | Tcheck | Ttotal | Status | Flags |
---|---|---|---|---|---|---|
r-devel-linux-x86_64-debian-clang | 1.0.4 | 40.74 | 65.71 | 106.45 | OK | |
r-devel-linux-x86_64-debian-gcc | 1.0.4 | 30.65 | 45.55 | 76.20 | OK | |
r-devel-linux-x86_64-fedora-clang | 1.0.4 | 202.62 | OK | |||
r-devel-linux-x86_64-fedora-gcc | 1.0.4 | 204.97 | OK | |||
r-devel-windows-x86_64 | 1.0.4 | 54.00 | 139.00 | 193.00 | OK | |
r-patched-linux-x86_64 | 1.0.4 | 42.24 | 62.18 | 104.42 | OK | |
r-release-linux-x86_64 | 1.0.4 | 40.20 | 62.81 | 103.01 | OK | |
r-release-macos-arm64 | 1.0.4 | 56.00 | NOTE | |||
r-release-macos-x86_64 | 1.0.4 | 84.00 | NOTE | |||
r-release-windows-x86_64 | 1.0.4 | 59.00 | 132.00 | 191.00 | OK | |
r-oldrel-macos-arm64 | 1.0.4 | 79.00 | NOTE | |||
r-oldrel-macos-x86_64 | 1.0.4 | 100.00 | NOTE | |||
r-oldrel-windows-x86_64 | 1.0.4 | 62.00 | 156.00 | 218.00 | OK |
Version: 1.0.4
Check: installed package size
Result: NOTE
installed size is 6.7Mb
sub-directories of 1Mb or more:
doc 1.7Mb
libs 3.9Mb
Flavors: r-release-macos-arm64, r-release-macos-x86_64, r-oldrel-macos-arm64, r-oldrel-macos-x86_64