Last updated on 2024-08-15 13:48:25 CEST.
Flavor | Version | Tinstall | Tcheck | Ttotal | Status | Flags |
---|---|---|---|---|---|---|
r-devel-linux-x86_64-debian-clang | 0.1.1 | 63.48 | 85.22 | 148.70 | OK | |
r-devel-linux-x86_64-debian-gcc | 0.1.1 | 46.56 | 64.74 | 111.30 | OK | |
r-devel-linux-x86_64-fedora-clang | 0.1.1 | 232.97 | OK | |||
r-devel-linux-x86_64-fedora-gcc | 0.1.1 | 254.86 | OK | |||
r-devel-windows-x86_64 | 0.1.1 | 56.00 | 110.00 | 166.00 | OK | |
r-patched-linux-x86_64 | 0.1.1 | 62.52 | 84.21 | 146.73 | OK | |
r-release-linux-x86_64 | 0.1.1 | 58.74 | 84.57 | 143.31 | OK | |
r-release-macos-arm64 | 0.1.1 | 63.00 | NOTE | |||
r-release-macos-x86_64 | 0.1.1 | 88.00 | NOTE | |||
r-release-windows-x86_64 | 0.1.1 | 56.00 | 109.00 | 165.00 | OK | |
r-oldrel-macos-arm64 | 0.1.1 | 71.00 | NOTE | |||
r-oldrel-macos-x86_64 | 0.1.1 | 140.00 | NOTE | |||
r-oldrel-windows-x86_64 | 0.1.1 | 74.00 | 142.00 | 216.00 | OK |
Version: 0.1.1
Check: installed package size
Result: NOTE
installed size is 17.0Mb
sub-directories of 1Mb or more:
libs 16.9Mb
Flavors: r-release-macos-arm64, r-release-macos-x86_64, r-oldrel-macos-arm64, r-oldrel-macos-x86_64