Last updated on 2024-08-16 12:49:08 CEST.
Flavor | Version | Tinstall | Tcheck | Ttotal | Status | Flags |
---|---|---|---|---|---|---|
r-devel-linux-x86_64-debian-clang | 0.1 | 4.10 | 39.84 | 43.94 | NOTE | |
r-devel-linux-x86_64-debian-gcc | 0.1 | 2.60 | 29.04 | 31.64 | NOTE | |
r-devel-linux-x86_64-fedora-clang | 0.1 | 70.18 | NOTE | |||
r-devel-linux-x86_64-fedora-gcc | 0.1 | 78.51 | NOTE | |||
r-devel-windows-x86_64 | 0.1 | 5.00 | 59.00 | 64.00 | NOTE | |
r-patched-linux-x86_64 | 0.1 | 3.64 | 37.43 | 41.07 | NOTE | |
r-release-linux-x86_64 | 0.1 | 3.35 | 37.61 | 40.96 | NOTE | |
r-release-macos-arm64 | 0.1 | 29.00 | NOTE | |||
r-release-macos-x86_64 | 0.1 | 45.00 | NOTE | |||
r-release-windows-x86_64 | 0.1 | 6.00 | 57.00 | 63.00 | NOTE | |
r-oldrel-macos-arm64 | 0.1 | 30.00 | NOTE | |||
r-oldrel-macos-x86_64 | 0.1 | 44.00 | NOTE | |||
r-oldrel-windows-x86_64 | 0.1 | 7.00 | 63.00 | 70.00 | NOTE |
Version: 0.1
Check: LazyData
Result: NOTE
'LazyData' is specified without a 'data' directory
Flavors: r-devel-linux-x86_64-debian-clang, r-devel-linux-x86_64-debian-gcc, r-devel-linux-x86_64-fedora-clang, r-devel-linux-x86_64-fedora-gcc, r-devel-windows-x86_64, r-patched-linux-x86_64, r-release-linux-x86_64, r-release-macos-arm64, r-release-macos-x86_64, r-release-windows-x86_64, r-oldrel-macos-arm64, r-oldrel-macos-x86_64, r-oldrel-windows-x86_64