Last updated on 2024-06-17 05:48:57 CEST.
Flavor | Version | Tinstall | Tcheck | Ttotal | Status | Flags |
---|---|---|---|---|---|---|
r-devel-linux-x86_64-debian-clang | 0.9.0 | 13.28 | 533.53 | 546.81 | OK | |
r-devel-linux-x86_64-debian-gcc | 0.9.0 | 10.84 | 437.81 | 448.65 | OK | |
r-devel-linux-x86_64-fedora-clang | 0.9.0 | 715.73 | NOTE | |||
r-devel-linux-x86_64-fedora-gcc | 0.9.0 | 680.78 | NOTE | |||
r-devel-windows-x86_64 | 0.9.0 | 13.00 | 310.00 | 323.00 | OK | |
r-patched-linux-x86_64 | 0.9.0 | 12.74 | 509.75 | 522.49 | OK | |
r-release-linux-x86_64 | 0.9.0 | 13.33 | 537.88 | 551.21 | OK | |
r-release-macos-arm64 | 0.9.0 | 212.00 | OK | |||
r-release-macos-x86_64 | 0.9.0 | 387.00 | OK | |||
r-release-windows-x86_64 | 0.9.0 | 14.00 | 308.00 | 322.00 | OK | |
r-oldrel-macos-arm64 | 0.9.0 | 221.00 | OK | |||
r-oldrel-macos-x86_64 | 0.9.0 | 346.00 | OK | |||
r-oldrel-windows-x86_64 | 0.9.0 | 17.00 | 385.00 | 402.00 | OK |
Version: 0.9.0
Check: dependencies in R code
Result: NOTE
Namespace in Imports field not imported from: ‘dtplyr’
All declared Imports should be used.
Flavors: r-devel-linux-x86_64-fedora-clang, r-devel-linux-x86_64-fedora-gcc