Last updated on 2024-08-16 12:49:09 CEST.
Flavor | Version | Tinstall | Tcheck | Ttotal | Status | Flags |
---|---|---|---|---|---|---|
r-devel-linux-x86_64-debian-clang | 1.2.5 | 3.95 | 36.18 | 40.13 | NOTE | |
r-devel-linux-x86_64-debian-gcc | 1.2.5 | 3.10 | 27.72 | 30.82 | NOTE | |
r-devel-linux-x86_64-fedora-clang | 1.2.5 | 61.84 | NOTE | |||
r-devel-linux-x86_64-fedora-gcc | 1.2.5 | 57.47 | NOTE | |||
r-devel-windows-x86_64 | 1.2.5 | 6.00 | 54.00 | 60.00 | NOTE | |
r-patched-linux-x86_64 | 1.2.5 | 4.05 | 33.97 | 38.02 | NOTE | |
r-release-linux-x86_64 | 1.2.5 | 3.57 | 33.82 | 37.39 | NOTE | |
r-release-macos-arm64 | 1.2.5 | 21.00 | NOTE | |||
r-release-macos-x86_64 | 1.2.5 | 32.00 | NOTE | |||
r-release-windows-x86_64 | 1.2.5 | 5.00 | 65.00 | 70.00 | NOTE | |
r-oldrel-macos-arm64 | 1.2.5 | 27.00 | OK | |||
r-oldrel-macos-x86_64 | 1.2.5 | 54.00 | OK | |||
r-oldrel-windows-x86_64 | 1.2.5 | 7.00 | 59.00 | 66.00 | OK |
Version: 1.2.5
Check: Rd files
Result: NOTE
checkRd: (-1) nearblack.Rd:30: Lost braces
30 | code{infile=}, indicating that the input file should be
| ^
Flavors: r-devel-linux-x86_64-debian-clang, r-devel-linux-x86_64-debian-gcc, r-devel-linux-x86_64-fedora-clang, r-devel-linux-x86_64-fedora-gcc, r-devel-windows-x86_64, r-patched-linux-x86_64, r-release-linux-x86_64, r-release-macos-arm64, r-release-macos-x86_64, r-release-windows-x86_64