Last updated on 2024-08-16 12:49:09 CEST.
Flavor | Version | Tinstall | Tcheck | Ttotal | Status | Flags |
---|---|---|---|---|---|---|
r-devel-linux-x86_64-debian-clang | 0.7.0 | 345.98 | 135.01 | 480.99 | OK | |
r-devel-linux-x86_64-debian-gcc | 0.7.0 | 259.90 | 95.17 | 355.07 | OK | |
r-devel-linux-x86_64-fedora-clang | 0.7.0 | 774.27 | NOTE | |||
r-devel-linux-x86_64-fedora-gcc | 0.7.0 | 966.68 | OK | |||
r-devel-windows-x86_64 | 0.7.0 | 318.00 | 724.00 | 1042.00 | NOTE | |
r-patched-linux-x86_64 | 0.7.0 | 364.43 | 128.27 | 492.70 | OK | |
r-release-linux-x86_64 | 0.7.0 | 357.58 | 128.92 | 486.50 | OK | |
r-release-macos-arm64 | 0.7.0 | 204.00 | NOTE | |||
r-release-macos-x86_64 | 0.7.0 | 268.00 | NOTE | |||
r-release-windows-x86_64 | 0.7.0 | 315.00 | 729.00 | 1044.00 | NOTE | |
r-oldrel-macos-arm64 | 0.7.0 | 263.00 | NOTE | |||
r-oldrel-macos-x86_64 | 0.7.0 | 392.00 | NOTE | |||
r-oldrel-windows-x86_64 | 0.7.0 | 306.00 | 876.00 | 1182.00 | NOTE |
Version: 0.7.0
Check: installed package size
Result: NOTE
installed size is 7.2Mb
sub-directories of 1Mb or more:
L8NY18 2.3Mb
libs 3.6Mb
Flavors: r-devel-linux-x86_64-fedora-clang, r-devel-windows-x86_64, r-release-macos-arm64, r-release-macos-x86_64, r-release-windows-x86_64, r-oldrel-macos-arm64, r-oldrel-macos-x86_64, r-oldrel-windows-x86_64