Last updated on 2024-08-16 12:49:09 CEST.
Flavor | Version | Tinstall | Tcheck | Ttotal | Status | Flags |
---|---|---|---|---|---|---|
r-devel-linux-x86_64-debian-clang | 0.1.1 | 2.02 | 23.01 | 25.03 | NOTE | |
r-devel-linux-x86_64-debian-gcc | 0.1.1 | 1.60 | 18.08 | 19.68 | NOTE | |
r-devel-linux-x86_64-fedora-clang | 0.1.1 | 42.19 | NOTE | |||
r-devel-linux-x86_64-fedora-gcc | 0.1.1 | 52.64 | NOTE | |||
r-devel-windows-x86_64 | 0.1.1 | 3.00 | 45.00 | 48.00 | NOTE | |
r-patched-linux-x86_64 | 0.1.1 | 2.00 | 22.09 | 24.09 | NOTE | |
r-release-linux-x86_64 | 0.1.1 | 1.83 | 22.03 | 23.86 | NOTE | |
r-release-macos-arm64 | 0.1.1 | 23.00 | NOTE | |||
r-release-macos-x86_64 | 0.1.1 | 36.00 | NOTE | |||
r-release-windows-x86_64 | 0.1.1 | 3.00 | 49.00 | 52.00 | NOTE | |
r-oldrel-macos-arm64 | 0.1.1 | 22.00 | NOTE | |||
r-oldrel-macos-x86_64 | 0.1.1 | 31.00 | NOTE | |||
r-oldrel-windows-x86_64 | 0.1.1 | 3.00 | 45.00 | 48.00 | NOTE |
Version: 0.1.1
Check: package dependencies
Result: NOTE
Package suggested but not available for checking: ‘geomarocdata’
Flavors: r-devel-linux-x86_64-debian-clang, r-devel-linux-x86_64-debian-gcc, r-devel-linux-x86_64-fedora-clang, r-devel-linux-x86_64-fedora-gcc, r-devel-windows-x86_64, r-patched-linux-x86_64, r-release-linux-x86_64, r-release-macos-arm64, r-release-macos-x86_64, r-release-windows-x86_64, r-oldrel-macos-arm64, r-oldrel-macos-x86_64, r-oldrel-windows-x86_64