Last updated on 2024-06-17 05:48:58 CEST.
Flavor | Version | Tinstall | Tcheck | Ttotal | Status | Flags |
---|---|---|---|---|---|---|
r-devel-linux-x86_64-debian-clang | 0.2.0 | 7.67 | 95.14 | 102.81 | OK | |
r-devel-linux-x86_64-debian-gcc | 0.2.0 | 6.22 | 69.91 | 76.13 | OK | |
r-devel-linux-x86_64-fedora-clang | 0.2.0 | 125.13 | NOTE | |||
r-devel-linux-x86_64-fedora-gcc | 0.2.0 | 131.08 | NOTE | |||
r-devel-windows-x86_64 | 0.2.0 | 8.00 | 91.00 | 99.00 | OK | |
r-patched-linux-x86_64 | 0.2.0 | 8.27 | 89.12 | 97.39 | OK | |
r-release-linux-x86_64 | 0.2.0 | 7.50 | 89.03 | 96.53 | OK | |
r-release-macos-arm64 | 0.2.0 | 47.00 | OK | |||
r-release-macos-x86_64 | 0.2.0 | 69.00 | OK | |||
r-release-windows-x86_64 | 0.2.0 | 9.00 | 92.00 | 101.00 | OK | |
r-oldrel-macos-arm64 | 0.2.0 | 49.00 | OK | |||
r-oldrel-macos-x86_64 | 0.2.0 | 71.00 | OK | |||
r-oldrel-windows-x86_64 | 0.2.0 | 8.00 | 105.00 | 113.00 | OK |
Version: 0.2.0
Check: dependencies in R code
Result: NOTE
Namespaces in Imports field not imported from:
‘pipeR’ ‘rlang’
All declared Imports should be used.
Flavors: r-devel-linux-x86_64-fedora-clang, r-devel-linux-x86_64-fedora-gcc