Last updated on 2024-08-15 13:48:26 CEST.
Flavor | Version | Tinstall | Tcheck | Ttotal | Status | Flags |
---|---|---|---|---|---|---|
r-devel-linux-x86_64-debian-clang | 2.2.1 | 41.95 | 212.08 | 254.03 | NOTE | |
r-devel-linux-x86_64-debian-gcc | 2.2.1 | 30.37 | 147.11 | 177.48 | NOTE | |
r-devel-linux-x86_64-fedora-clang | 2.2.1 | 432.31 | NOTE | |||
r-devel-linux-x86_64-fedora-gcc | 2.2.1 | 422.78 | NOTE | |||
r-devel-windows-x86_64 | 2.2.1 | 49.00 | 534.00 | 583.00 | NOTE | |
r-patched-linux-x86_64 | 2.2.1 | 47.66 | 200.27 | 247.93 | OK | |
r-release-linux-x86_64 | 2.2.1 | 41.62 | 202.17 | 243.79 | OK | |
r-release-macos-arm64 | 2.2.1 | 109.00 | NOTE | |||
r-release-macos-x86_64 | 2.2.1 | 176.00 | NOTE | |||
r-release-windows-x86_64 | 2.2.1 | 48.00 | 329.00 | 377.00 | NOTE | |
r-oldrel-macos-arm64 | 2.2.1 | 119.00 | NOTE | |||
r-oldrel-macos-x86_64 | 2.2.1 | 308.00 | NOTE | |||
r-oldrel-windows-x86_64 | 2.2.1 | 62.00 | 404.00 | 466.00 | NOTE |
Version: 2.2.1
Check: compiled code
Result: NOTE
File ‘ggraph/libs/ggraph.so’:
Found non-API calls to R: ‘SETLENGTH’, ‘SET_GROWABLE_BIT’,
‘SET_TRUELENGTH’
Compiled code should not call non-API entry points in R.
See ‘Writing portable packages’ in the ‘Writing R Extensions’ manual,
and section ‘Moving into C API compliance’ for issues with the use of
non-API entry points.
Flavors: r-devel-linux-x86_64-debian-clang, r-devel-linux-x86_64-debian-gcc, r-devel-linux-x86_64-fedora-clang, r-devel-linux-x86_64-fedora-gcc
Version: 2.2.1
Check: installed package size
Result: NOTE
installed size is 5.8Mb
sub-directories of 1Mb or more:
doc 3.9Mb
Flavors: r-devel-linux-x86_64-fedora-clang, r-devel-windows-x86_64, r-release-macos-arm64, r-release-macos-x86_64, r-release-windows-x86_64, r-oldrel-macos-arm64, r-oldrel-macos-x86_64, r-oldrel-windows-x86_64
Version: 2.2.1
Check: compiled code
Result: NOTE
File 'ggraph/libs/x64/ggraph.dll':
Found non-API calls to R: 'SETLENGTH', 'SET_GROWABLE_BIT',
'SET_TRUELENGTH'
Compiled code should not call non-API entry points in R.
See 'Writing portable packages' in the 'Writing R Extensions' manual,
and section 'Moving into C API compliance' for issues with the use of
non-API entry points.
Flavor: r-devel-windows-x86_64