Last updated on 2024-06-17 05:48:58 CEST.
Flavor | Version | Tinstall | Tcheck | Ttotal | Status | Flags |
---|---|---|---|---|---|---|
r-devel-linux-x86_64-debian-clang | 0.4.0 | 8.52 | 69.26 | 77.78 | NOTE | |
r-devel-linux-x86_64-debian-gcc | 0.4.0 | 6.40 | 50.09 | 56.49 | NOTE | |
r-devel-linux-x86_64-fedora-clang | 0.4.0 | 98.83 | NOTE | |||
r-devel-linux-x86_64-fedora-gcc | 0.4.0 | 89.72 | NOTE | |||
r-devel-windows-x86_64 | 0.4.0 | 8.00 | 71.00 | 79.00 | NOTE | |
r-patched-linux-x86_64 | 0.4.0 | 7.64 | 64.27 | 71.91 | NOTE | |
r-release-linux-x86_64 | 0.4.0 | 6.40 | 65.19 | 71.59 | NOTE | |
r-release-macos-arm64 | 0.4.0 | 30.00 | NOTE | |||
r-release-macos-x86_64 | 0.4.0 | 43.00 | NOTE | |||
r-release-windows-x86_64 | 0.4.0 | 9.00 | 70.00 | 79.00 | NOTE | |
r-oldrel-macos-arm64 | 0.4.0 | 30.00 | NOTE | |||
r-oldrel-macos-x86_64 | 0.4.0 | 48.00 | NOTE | |||
r-oldrel-windows-x86_64 | 0.4.0 | 10.00 | 87.00 | 97.00 | NOTE |
Version: 0.4.0
Check: Rd files
Result: NOTE
checkRd: (-1) replace_in_file.Rd:40: Escaped LaTeX specials: \#
Flavors: r-devel-linux-x86_64-debian-clang, r-devel-linux-x86_64-debian-gcc, r-devel-linux-x86_64-fedora-clang, r-devel-linux-x86_64-fedora-gcc, r-devel-windows-x86_64, r-patched-linux-x86_64, r-release-linux-x86_64, r-release-macos-arm64, r-release-macos-x86_64, r-release-windows-x86_64, r-oldrel-macos-arm64, r-oldrel-macos-x86_64, r-oldrel-windows-x86_64