Last updated on 2024-08-16 12:49:10 CEST.
Flavor | Version | Tinstall | Tcheck | Ttotal | Status | Flags |
---|---|---|---|---|---|---|
r-devel-linux-x86_64-debian-clang | 0.1.0 | 2.29 | 30.48 | 32.77 | NOTE | |
r-devel-linux-x86_64-debian-gcc | 0.1.0 | 1.73 | 23.73 | 25.46 | NOTE | |
r-devel-linux-x86_64-fedora-clang | 0.1.0 | 52.57 | NOTE | |||
r-devel-linux-x86_64-fedora-gcc | 0.1.0 | 63.29 | NOTE | |||
r-devel-windows-x86_64 | 0.1.0 | 4.00 | 77.00 | 81.00 | NOTE | |
r-patched-linux-x86_64 | 0.1.0 | 2.68 | 30.87 | 33.55 | NOTE | |
r-release-linux-x86_64 | 0.1.0 | 1.90 | 35.25 | 37.15 | NOTE | |
r-release-macos-arm64 | 0.1.0 | 44.00 | NOTE | |||
r-release-macos-x86_64 | 0.1.0 | 166.00 | NOTE | |||
r-release-windows-x86_64 | 0.1.0 | 5.00 | 71.00 | 76.00 | NOTE | |
r-oldrel-macos-arm64 | 0.1.0 | 41.00 | NOTE | |||
r-oldrel-macos-x86_64 | 0.1.0 | 58.00 | NOTE | |||
r-oldrel-windows-x86_64 | 0.1.0 | 4.00 | 88.00 | 92.00 | NOTE |
Version: 0.1.0
Check: LazyData
Result: NOTE
'LazyData' is specified without a 'data' directory
Flavors: r-devel-linux-x86_64-debian-clang, r-devel-linux-x86_64-debian-gcc, r-devel-linux-x86_64-fedora-clang, r-devel-linux-x86_64-fedora-gcc, r-devel-windows-x86_64, r-patched-linux-x86_64, r-release-linux-x86_64, r-release-macos-arm64, r-release-macos-x86_64, r-release-windows-x86_64, r-oldrel-macos-arm64, r-oldrel-macos-x86_64, r-oldrel-windows-x86_64