Last updated on 2024-08-15 13:48:27 CEST.
Flavor | Version | Tinstall | Tcheck | Ttotal | Status | Flags |
---|---|---|---|---|---|---|
r-devel-linux-x86_64-debian-clang | 1.3.3 | 199.90 | 34.36 | 234.26 | OK | |
r-devel-linux-x86_64-debian-gcc | 1.3.3 | 135.90 | 25.35 | 161.25 | OK | |
r-devel-linux-x86_64-fedora-clang | 1.3.3 | 364.21 | OK | |||
r-devel-linux-x86_64-fedora-gcc | 1.3.3 | 451.01 | OK | |||
r-devel-windows-x86_64 | 1.3.3 | 181.00 | 89.00 | 270.00 | OK | |
r-patched-linux-x86_64 | 1.3.3 | 190.62 | 31.85 | 222.47 | OK | |
r-release-linux-x86_64 | 1.3.3 | 187.73 | 32.44 | 220.17 | OK | |
r-release-macos-arm64 | 1.3.3 | 80.00 | NOTE | |||
r-release-macos-x86_64 | 1.3.3 | 71.00 | NOTE | |||
r-release-windows-x86_64 | 1.3.3 | 176.00 | 91.00 | 267.00 | OK | |
r-oldrel-macos-arm64 | 1.3.3 | 84.00 | NOTE | |||
r-oldrel-macos-x86_64 | 1.3.3 | 102.00 | NOTE | |||
r-oldrel-windows-x86_64 | 1.3.3 | 216.00 | 102.00 | 318.00 | OK |
Version: 1.3.3
Check: installed package size
Result: NOTE
installed size is 15.1Mb
sub-directories of 1Mb or more:
libs 14.8Mb
Flavors: r-release-macos-arm64, r-release-macos-x86_64, r-oldrel-macos-arm64, r-oldrel-macos-x86_64