Last updated on 2024-08-16 12:49:11 CEST.
Flavor | Version | Tinstall | Tcheck | Ttotal | Status | Flags |
---|---|---|---|---|---|---|
r-devel-linux-x86_64-debian-clang | 3.0.3 | 6.20 | 64.35 | 70.55 | NOTE | |
r-devel-linux-x86_64-debian-gcc | 3.0.3 | 4.54 | 46.88 | 51.42 | NOTE | |
r-devel-linux-x86_64-fedora-clang | 3.0.3 | 113.20 | NOTE | |||
r-devel-linux-x86_64-fedora-gcc | 3.0.3 | 106.04 | NOTE | |||
r-devel-windows-x86_64 | 3.0.3 | 10.00 | 75.00 | 85.00 | NOTE | |
r-patched-linux-x86_64 | 3.0.3 | 6.49 | 60.34 | 66.83 | NOTE | |
r-release-linux-x86_64 | 3.0.3 | 6.55 | 60.64 | 67.19 | NOTE | |
r-release-macos-arm64 | 3.0.3 | 33.00 | NOTE | |||
r-release-macos-x86_64 | 3.0.3 | 50.00 | NOTE | |||
r-release-windows-x86_64 | 3.0.3 | 9.00 | 83.00 | 92.00 | NOTE | |
r-oldrel-macos-arm64 | 3.0.3 | 36.00 | NOTE | |||
r-oldrel-macos-x86_64 | 3.0.3 | 57.00 | NOTE | |||
r-oldrel-windows-x86_64 | 3.0.3 | 11.00 | 91.00 | 102.00 | NOTE |
Version: 3.0.3
Check: LazyData
Result: NOTE
'LazyData' is specified without a 'data' directory
Flavors: r-devel-linux-x86_64-debian-clang, r-devel-linux-x86_64-debian-gcc, r-devel-linux-x86_64-fedora-clang, r-devel-linux-x86_64-fedora-gcc, r-devel-windows-x86_64, r-patched-linux-x86_64, r-release-linux-x86_64, r-release-macos-arm64, r-release-macos-x86_64, r-release-windows-x86_64, r-oldrel-macos-arm64, r-oldrel-macos-x86_64, r-oldrel-windows-x86_64