Last updated on 2024-06-17 05:49:00 CEST.
Flavor | Version | Tinstall | Tcheck | Ttotal | Status | Flags |
---|---|---|---|---|---|---|
r-devel-linux-x86_64-debian-clang | 0.1.5 | 32.03 | 497.70 | 529.73 | OK | |
r-devel-linux-x86_64-debian-gcc | 0.1.5 | 22.08 | 402.82 | 424.90 | OK | |
r-devel-linux-x86_64-fedora-clang | 0.1.5 | 674.95 | OK | |||
r-devel-linux-x86_64-fedora-gcc | 0.1.5 | 650.52 | OK | |||
r-devel-windows-x86_64 | 0.1.5 | 26.00 | 368.00 | 394.00 | OK | |
r-patched-linux-x86_64 | 0.1.5 | 32.80 | 456.27 | 489.07 | OK | |
r-release-linux-x86_64 | 0.1.5 | 20.29 | 458.59 | 478.88 | OK | |
r-release-macos-arm64 | 0.1.5 | 215.00 | OK | |||
r-release-macos-x86_64 | 0.1.5 | 315.00 | ERROR | |||
r-release-windows-x86_64 | 0.1.5 | 28.00 | 381.00 | 409.00 | OK | |
r-oldrel-macos-arm64 | 0.1.5 | 224.00 | OK | |||
r-oldrel-macos-x86_64 | 0.1.5 | 457.00 | OK | |||
r-oldrel-windows-x86_64 | 0.1.5 | 34.00 | 485.00 | 519.00 | OK |
Version: 0.1.5
Check: tests
Result: ERROR
Running ‘testthat.R’ [5s/5s]
Running the tests in ‘tests/testthat.R’ failed.
Last 13 lines of output:
`expected$categorical_level$chance_corrected$beta_reliability`: 0.05 0.29 -0.32
actual$scale_level$iota_index vs expected$scale_level$iota_index
[,1]
- actual$scale_level$iota_index[1, ] 0.224833
+ expected$scale_level$iota_index[1, ] 0.210750
actual$scale_level$iota_index_dyn2 vs expected$scale_level$iota_index_dyn2
[,1]
- actual$scale_level$iota_index_dyn2[1, ] 0.2084955
+ expected$scale_level$iota_index_dyn2[1, ] 0.1966674
[ FAIL 1 | WARN 0 | SKIP 1 | PASS 66 ]
Error: Test failures
Execution halted
Flavor: r-release-macos-x86_64