Last updated on 2024-06-17 05:49:00 CEST.
Flavor | Version | Tinstall | Tcheck | Ttotal | Status | Flags |
---|---|---|---|---|---|---|
r-devel-linux-x86_64-debian-clang | 0.2.1 | 15.48 | 214.72 | 230.20 | NOTE | |
r-devel-linux-x86_64-debian-gcc | 0.2.1 | 9.28 | 159.44 | 168.72 | NOTE | |
r-devel-linux-x86_64-fedora-clang | 0.2.1 | 276.65 | NOTE | |||
r-devel-linux-x86_64-fedora-gcc | 0.2.1 | 282.19 | NOTE | |||
r-devel-windows-x86_64 | 0.2.1 | 14.00 | 179.00 | 193.00 | NOTE | |
r-patched-linux-x86_64 | 0.2.1 | 10.22 | 207.69 | 217.91 | NOTE | |
r-release-linux-x86_64 | 0.2.1 | 8.53 | 203.33 | 211.86 | NOTE | |
r-release-macos-arm64 | 0.2.1 | 82.00 | NOTE | |||
r-release-macos-x86_64 | 0.2.1 | 122.00 | NOTE | |||
r-release-windows-x86_64 | 0.2.1 | 13.00 | 176.00 | 189.00 | NOTE | |
r-oldrel-macos-arm64 | 0.2.1 | 105.00 | NOTE | |||
r-oldrel-macos-x86_64 | 0.2.1 | 184.00 | NOTE | |||
r-oldrel-windows-x86_64 | 0.2.1 | 16.00 | 229.00 | 245.00 | NOTE |
Version: 0.2.1
Check: Rd files
Result: NOTE
checkRd: (-1) ir_to_transmittance.Rd:49: Escaped LaTeX specials: \&
Flavors: r-devel-linux-x86_64-debian-clang, r-devel-linux-x86_64-debian-gcc, r-devel-linux-x86_64-fedora-clang, r-devel-linux-x86_64-fedora-gcc, r-devel-windows-x86_64, r-patched-linux-x86_64, r-release-linux-x86_64, r-release-macos-arm64, r-release-macos-x86_64, r-release-windows-x86_64, r-oldrel-macos-arm64, r-oldrel-macos-x86_64, r-oldrel-windows-x86_64