Last updated on 2024-08-15 13:48:28 CEST.
Flavor | Version | Tinstall | Tcheck | Ttotal | Status | Flags |
---|---|---|---|---|---|---|
r-devel-linux-x86_64-debian-clang | 0.1.0 | 2.49 | 176.37 | 178.86 | NOTE | |
r-devel-linux-x86_64-debian-gcc | 0.1.0 | 1.83 | 106.47 | 108.30 | NOTE | |
r-devel-linux-x86_64-fedora-clang | 0.1.0 | 291.39 | NOTE | |||
r-devel-linux-x86_64-fedora-gcc | 0.1.0 | 303.66 | NOTE | |||
r-devel-windows-x86_64 | 0.1.0 | 4.00 | 192.00 | 196.00 | NOTE | |
r-patched-linux-x86_64 | 0.1.0 | 1.64 | 165.50 | 167.14 | NOTE | |
r-release-linux-x86_64 | 0.1.0 | 2.30 | 166.19 | 168.49 | NOTE | |
r-release-macos-arm64 | 0.1.0 | 80.00 | NOTE | |||
r-release-macos-x86_64 | 0.1.0 | 135.00 | NOTE | |||
r-release-windows-x86_64 | 0.1.0 | 4.00 | 197.00 | 201.00 | NOTE | |
r-oldrel-macos-arm64 | 0.1.0 | 87.00 | NOTE | |||
r-oldrel-macos-x86_64 | 0.1.0 | 159.00 | NOTE | |||
r-oldrel-windows-x86_64 | 0.1.0 | 4.00 | 223.00 | 227.00 | NOTE |
Version: 0.1.0
Check: LazyData
Result: NOTE
'LazyData' is specified without a 'data' directory
Flavors: r-devel-linux-x86_64-debian-clang, r-devel-linux-x86_64-debian-gcc, r-devel-linux-x86_64-fedora-clang, r-devel-linux-x86_64-fedora-gcc, r-devel-windows-x86_64, r-patched-linux-x86_64, r-release-linux-x86_64, r-release-macos-arm64, r-release-macos-x86_64, r-release-windows-x86_64, r-oldrel-macos-arm64, r-oldrel-macos-x86_64, r-oldrel-windows-x86_64
Version: 0.1.0
Check: dependencies in R code
Result: NOTE
Namespaces in Imports field not imported from:
‘Rcpp’ ‘SnowballC’ ‘stringi’
All declared Imports should be used.
Flavors: r-devel-linux-x86_64-fedora-clang, r-devel-linux-x86_64-fedora-gcc