Last updated on 2024-08-16 12:49:11 CEST.
Flavor | Version | Tinstall | Tcheck | Ttotal | Status | Flags |
---|---|---|---|---|---|---|
r-devel-linux-x86_64-debian-clang | 0.1-2 | 10.09 | 87.50 | 97.59 | NOTE | |
r-devel-linux-x86_64-debian-gcc | 0.1-2 | 9.45 | 65.12 | 74.57 | NOTE | |
r-devel-linux-x86_64-fedora-clang | 0.1-2 | 156.89 | NOTE | |||
r-devel-linux-x86_64-fedora-gcc | 0.1-2 | 150.51 | NOTE | |||
r-devel-windows-x86_64 | 0.1-2 | 12.00 | 88.00 | 100.00 | NOTE | |
r-patched-linux-x86_64 | 0.1-2 | 15.21 | 81.64 | 96.85 | OK | |
r-release-linux-x86_64 | 0.1-2 | 10.36 | 83.14 | 93.50 | OK | |
r-release-macos-arm64 | 0.1-2 | 45.00 | OK | |||
r-release-macos-x86_64 | 0.1-2 | 75.00 | OK | |||
r-release-windows-x86_64 | 0.1-2 | 11.00 | 91.00 | 102.00 | OK | |
r-oldrel-macos-arm64 | 0.1-2 | 52.00 | OK | |||
r-oldrel-macos-x86_64 | 0.1-2 | 61.00 | OK | |||
r-oldrel-windows-x86_64 | 0.1-2 | 14.00 | 101.00 | 115.00 | OK |
Version: 0.1-2
Check: Rd cross-references
Result: NOTE
Found the following Rd file(s) with Rd \link{} targets missing package
anchors:
draw.lar.Rd: treemap
Please provide package anchors for all Rd \link{} targets not in the
package itself and the base packages.
Flavors: r-devel-linux-x86_64-debian-clang, r-devel-linux-x86_64-debian-gcc, r-devel-windows-x86_64
Version: 0.1-2
Check: data for non-ASCII characters
Result: NOTE
Note: found 6 marked UTF-8 strings
Flavors: r-devel-linux-x86_64-fedora-clang, r-devel-linux-x86_64-fedora-gcc