Last updated on 2024-08-16 12:49:12 CEST.
Flavor | Version | Tinstall | Tcheck | Ttotal | Status | Flags |
---|---|---|---|---|---|---|
r-devel-linux-x86_64-debian-clang | 1.1.0 | 19.95 | 173.23 | 193.18 | OK | |
r-devel-linux-x86_64-debian-gcc | 1.1.0 | 13.54 | 115.55 | 129.09 | OK | |
r-devel-linux-x86_64-fedora-clang | 1.1.0 | 299.08 | NOTE | |||
r-devel-linux-x86_64-fedora-gcc | 1.1.0 | 294.63 | NOTE | |||
r-devel-windows-x86_64 | 1.1.0 | 18.00 | 182.00 | 200.00 | OK | |
r-patched-linux-x86_64 | 1.1.0 | 15.91 | 159.84 | 175.75 | OK | |
r-release-linux-x86_64 | 1.1.0 | 17.49 | 162.27 | 179.76 | OK | |
r-release-macos-arm64 | 1.1.0 | 84.00 | OK | |||
r-release-macos-x86_64 | 1.1.0 | 138.00 | OK | |||
r-release-windows-x86_64 | 1.1.0 | 18.00 | 193.00 | 211.00 | OK | |
r-oldrel-macos-arm64 | 1.1.0 | 90.00 | OK | |||
r-oldrel-macos-x86_64 | 1.1.0 | 224.00 | OK | |||
r-oldrel-windows-x86_64 | 1.1.0 | 26.00 | 230.00 | 256.00 | OK |
Version: 1.1.0
Check: data for non-ASCII characters
Result: NOTE
Note: found 16 marked UTF-8 strings
Flavors: r-devel-linux-x86_64-fedora-clang, r-devel-linux-x86_64-fedora-gcc