Last updated on 2024-08-16 12:49:13 CEST.
Flavor | Version | Tinstall | Tcheck | Ttotal | Status | Flags |
---|---|---|---|---|---|---|
r-devel-linux-x86_64-debian-clang | 1.0-3 | 58.19 | 28.08 | 86.27 | NOTE | |
r-devel-linux-x86_64-debian-gcc | 1.0-3 | 46.47 | 27.08 | 73.55 | NOTE | |
r-devel-linux-x86_64-fedora-clang | 1.0-3 | 140.36 | NOTE | |||
r-devel-linux-x86_64-fedora-gcc | 1.0-3 | 174.16 | NOTE | |||
r-devel-windows-x86_64 | 1.0-3 | 55.00 | 75.00 | 130.00 | NOTE | |
r-patched-linux-x86_64 | 1.0-3 | 62.39 | 32.50 | 94.89 | NOTE | |
r-release-linux-x86_64 | 1.0-3 | 57.44 | 32.66 | 90.10 | NOTE | |
r-release-macos-arm64 | 1.0-3 | 51.00 | NOTE | |||
r-release-macos-x86_64 | 1.0-3 | 59.00 | NOTE | |||
r-release-windows-x86_64 | 1.0-3 | 55.00 | 76.00 | 131.00 | NOTE | |
r-oldrel-macos-arm64 | 1.0-3 | 46.00 | NOTE | |||
r-oldrel-macos-x86_64 | 1.0-3 | 79.00 | NOTE | |||
r-oldrel-windows-x86_64 | 1.0-3 | 65.00 | 83.00 | 148.00 | NOTE |
Version: 1.0-3
Check: C++ specification
Result: NOTE
Specified C++11: please drop specification unless essential
Flavors: r-devel-linux-x86_64-debian-clang, r-devel-linux-x86_64-debian-gcc, r-devel-linux-x86_64-fedora-clang, r-devel-linux-x86_64-fedora-gcc, r-devel-windows-x86_64, r-patched-linux-x86_64, r-release-linux-x86_64, r-release-macos-arm64, r-release-macos-x86_64, r-release-windows-x86_64, r-oldrel-macos-arm64, r-oldrel-macos-x86_64, r-oldrel-windows-x86_64
Version: 1.0-3
Check: installed package size
Result: NOTE
installed size is 27.6Mb
sub-directories of 1Mb or more:
libs 27.5Mb
Flavors: r-release-macos-arm64, r-release-macos-x86_64, r-oldrel-macos-arm64, r-oldrel-macos-x86_64