Last updated on 2024-08-16 12:49:13 CEST.
Flavor | Version | Tinstall | Tcheck | Ttotal | Status | Flags |
---|---|---|---|---|---|---|
r-devel-linux-x86_64-debian-clang | 1.20 | 7.38 | 60.63 | 68.01 | OK | |
r-devel-linux-x86_64-debian-gcc | 1.20 | 5.60 | 43.73 | 49.33 | OK | |
r-devel-linux-x86_64-fedora-clang | 1.20 | 110.48 | NOTE | |||
r-devel-linux-x86_64-fedora-gcc | 1.20 | 102.55 | OK | |||
r-devel-windows-x86_64 | 1.20 | 8.00 | 69.00 | 77.00 | OK | |
r-patched-linux-x86_64 | 1.20 | 7.48 | 57.75 | 65.23 | OK | |
r-release-linux-x86_64 | 1.20 | 7.54 | 60.79 | 68.33 | OK | |
r-release-macos-arm64 | 1.20 | 31.00 | OK | |||
r-release-macos-x86_64 | 1.20 | 48.00 | OK | |||
r-release-windows-x86_64 | 1.20 | 8.00 | 70.00 | 78.00 | OK | |
r-oldrel-macos-arm64 | 1.20 | 34.00 | OK | |||
r-oldrel-macos-x86_64 | 1.20 | 55.00 | OK | |||
r-oldrel-windows-x86_64 | 1.20 | 7.00 | 91.00 | 98.00 | OK |
Version: 1.20
Check: Rd cross-references
Result: NOTE
Undeclared package ‘geeM’ in Rd xrefs
Flavor: r-devel-linux-x86_64-fedora-clang