Last updated on 2024-08-16 12:49:13 CEST.
Flavor | Version | Tinstall | Tcheck | Ttotal | Status | Flags |
---|---|---|---|---|---|---|
r-devel-linux-x86_64-debian-clang | 5.3 | 13.09 | 206.68 | 219.77 | NOTE | |
r-devel-linux-x86_64-debian-gcc | 5.3 | 11.45 | 142.69 | 154.14 | NOTE | |
r-devel-linux-x86_64-fedora-clang | 5.3 | 361.19 | NOTE | |||
r-devel-linux-x86_64-fedora-gcc | 5.3 | 348.92 | NOTE | |||
r-devel-windows-x86_64 | 5.3 | 17.00 | 193.00 | 210.00 | OK | |
r-patched-linux-x86_64 | 5.3 | 14.38 | 190.29 | 204.67 | NOTE | |
r-release-linux-x86_64 | 5.3 | 14.90 | 190.25 | 205.15 | NOTE | |
r-release-macos-arm64 | 5.3 | 90.00 | OK | |||
r-release-macos-x86_64 | 5.3 | 141.00 | OK | |||
r-release-windows-x86_64 | 5.3 | 17.00 | 192.00 | 209.00 | OK | |
r-oldrel-macos-arm64 | 5.3 | 102.00 | OK | |||
r-oldrel-macos-x86_64 | 5.3 | 142.00 | OK | |||
r-oldrel-windows-x86_64 | 5.3 | 21.00 | 250.00 | 271.00 | OK |
Version: 5.3
Check: package dependencies
Result: NOTE
Package suggested but not available for checking: ‘rglwidget’
Flavors: r-devel-linux-x86_64-debian-clang, r-devel-linux-x86_64-debian-gcc, r-devel-linux-x86_64-fedora-clang, r-devel-linux-x86_64-fedora-gcc, r-patched-linux-x86_64, r-release-linux-x86_64