Last updated on 2024-08-16 12:49:14 CEST.
Flavor | Version | Tinstall | Tcheck | Ttotal | Status | Flags |
---|---|---|---|---|---|---|
r-devel-linux-x86_64-debian-clang | 1.0 | 2.52 | 31.23 | 33.75 | OK | |
r-devel-linux-x86_64-debian-gcc | 1.0 | 1.97 | 23.73 | 25.70 | OK | |
r-devel-linux-x86_64-fedora-clang | 1.0 | 55.05 | NOTE | |||
r-devel-linux-x86_64-fedora-gcc | 1.0 | 51.99 | OK | |||
r-devel-windows-x86_64 | 1.0 | 4.00 | 49.00 | 53.00 | OK | |
r-patched-linux-x86_64 | 1.0 | 2.76 | 29.51 | 32.27 | OK | |
r-release-linux-x86_64 | 1.0 | 2.50 | 29.91 | 32.41 | OK | |
r-release-macos-arm64 | 1.0 | 21.00 | OK | |||
r-release-macos-x86_64 | 1.0 | 43.00 | OK | |||
r-release-windows-x86_64 | 1.0 | 4.00 | 50.00 | 54.00 | OK | |
r-oldrel-macos-arm64 | 1.0 | 26.00 | OK | |||
r-oldrel-macos-x86_64 | 1.0 | 38.00 | OK | |||
r-oldrel-windows-x86_64 | 1.0 | 5.00 | 56.00 | 61.00 | OK |
Version: 1.0
Check: Rd cross-references
Result: NOTE
Undeclared package ‘tuneR’ in Rd xrefs
Flavor: r-devel-linux-x86_64-fedora-clang