Last updated on 2024-08-16 12:49:14 CEST.
Flavor | Version | Tinstall | Tcheck | Ttotal | Status | Flags |
---|---|---|---|---|---|---|
r-devel-linux-x86_64-debian-clang | 2013.03.29.1 | 2.30 | 39.09 | 41.39 | OK | |
r-devel-linux-x86_64-debian-gcc | 2013.03.29.1 | 1.61 | 30.93 | 32.54 | OK | |
r-devel-linux-x86_64-fedora-clang | 2013.03.29.1 | 62.77 | NOTE | |||
r-devel-linux-x86_64-fedora-gcc | 2013.03.29.1 | 61.70 | OK | |||
r-devel-windows-x86_64 | 2013.03.29.1 | 3.00 | 55.00 | 58.00 | NOTE | |
r-patched-linux-x86_64 | 2013.03.29.1 | 2.16 | 38.04 | 40.20 | OK | |
r-release-linux-x86_64 | 2013.03.29.1 | 2.16 | 38.12 | 40.28 | OK | |
r-release-macos-arm64 | 2013.03.29.1 | 25.00 | NOTE | |||
r-release-macos-x86_64 | 2013.03.29.1 | 37.00 | NOTE | |||
r-release-windows-x86_64 | 2013.03.29.1 | 3.00 | 56.00 | 59.00 | NOTE | |
r-oldrel-macos-arm64 | 2013.03.29.1 | 26.00 | NOTE | |||
r-oldrel-macos-x86_64 | 2013.03.29.1 | 39.00 | NOTE | |||
r-oldrel-windows-x86_64 | 2013.03.29.1 | 5.00 | 59.00 | 64.00 | NOTE |
Version: 2013.03.29.1
Check: installed package size
Result: NOTE
installed size is 9.5Mb
sub-directories of 1Mb or more:
data 9.4Mb
Flavors: r-devel-linux-x86_64-fedora-clang, r-devel-windows-x86_64, r-release-macos-arm64, r-release-macos-x86_64, r-release-windows-x86_64, r-oldrel-macos-arm64, r-oldrel-macos-x86_64, r-oldrel-windows-x86_64