Last updated on 2024-08-16 12:49:15 CEST.
Flavor | Version | Tinstall | Tcheck | Ttotal | Status | Flags |
---|---|---|---|---|---|---|
r-devel-linux-x86_64-debian-clang | 0.3.2 | 8.42 | 70.78 | 79.20 | OK | |
r-devel-linux-x86_64-debian-gcc | 0.3.2 | 6.54 | 52.87 | 59.41 | OK | |
r-devel-linux-x86_64-fedora-clang | 0.3.2 | 131.34 | NOTE | |||
r-devel-linux-x86_64-fedora-gcc | 0.3.2 | 143.14 | NOTE | |||
r-devel-windows-x86_64 | 0.3.2 | 13.00 | 105.00 | 118.00 | OK | |
r-patched-linux-x86_64 | 0.3.2 | 9.31 | 67.60 | 76.91 | OK | |
r-release-linux-x86_64 | 0.3.2 | 8.66 | 68.67 | 77.33 | OK | |
r-release-macos-arm64 | 0.3.2 | 77.00 | OK | |||
r-release-macos-x86_64 | 0.3.2 | 99.00 | OK | |||
r-release-windows-x86_64 | 0.3.2 | 12.00 | 101.00 | 113.00 | OK | |
r-oldrel-macos-arm64 | 0.3.2 | 71.00 | OK | |||
r-oldrel-macos-x86_64 | 0.3.2 | 156.00 | OK | |||
r-oldrel-windows-x86_64 | 0.3.2 | 16.00 | 119.00 | 135.00 | OK |
Version: 0.3.2
Check: data for non-ASCII characters
Result: NOTE
Note: found 6986 marked UTF-8 strings
Flavors: r-devel-linux-x86_64-fedora-clang, r-devel-linux-x86_64-fedora-gcc