Last updated on 2024-06-17 05:49:04 CEST.
Flavor | Version | Tinstall | Tcheck | Ttotal | Status | Flags |
---|---|---|---|---|---|---|
r-devel-linux-x86_64-debian-clang | 0.9.2 | 4.89 | 206.53 | 211.42 | OK | |
r-devel-linux-x86_64-debian-gcc | 0.9.2 | 3.65 | 147.73 | 151.38 | OK | |
r-devel-linux-x86_64-fedora-clang | 0.9.2 | 256.85 | NOTE | |||
r-devel-linux-x86_64-fedora-gcc | 0.9.2 | 256.58 | NOTE | |||
r-devel-windows-x86_64 | 0.9.2 | 6.00 | 174.00 | 180.00 | OK | |
r-patched-linux-x86_64 | 0.9.2 | 4.28 | 201.60 | 205.88 | OK | |
r-release-linux-x86_64 | 0.9.2 | 3.98 | 202.54 | 206.52 | OK | |
r-release-macos-arm64 | 0.9.2 | 77.00 | OK | |||
r-release-macos-x86_64 | 0.9.2 | 111.00 | OK | |||
r-release-windows-x86_64 | 0.9.2 | 6.00 | 180.00 | 186.00 | OK | |
r-oldrel-macos-arm64 | 0.9.2 | 80.00 | OK | |||
r-oldrel-macos-x86_64 | 0.9.2 | 195.00 | OK | |||
r-oldrel-windows-x86_64 | 0.9.2 | 7.00 | 210.00 | 217.00 | OK |
Version: 0.9.2
Check: dependencies in R code
Result: NOTE
Namespace in Imports field not imported from: ‘methods’
All declared Imports should be used.
Flavors: r-devel-linux-x86_64-fedora-clang, r-devel-linux-x86_64-fedora-gcc