Last updated on 2024-06-17 05:49:04 CEST.
Flavor | Version | Tinstall | Tcheck | Ttotal | Status | Flags |
---|---|---|---|---|---|---|
r-devel-linux-x86_64-debian-clang | 0.2.1 | 122.44 | 297.17 | 419.61 | OK | |
r-devel-linux-x86_64-debian-gcc | 0.2.1 | 80.36 | 223.30 | 303.66 | OK | |
r-devel-linux-x86_64-fedora-clang | 0.2.1 | 551.60 | OK | |||
r-devel-linux-x86_64-fedora-gcc | 0.2.1 | 549.64 | OK | |||
r-devel-windows-x86_64 | 0.2.1 | 93.00 | 273.00 | 366.00 | OK | |
r-patched-linux-x86_64 | 0.2.1 | 100.83 | 297.60 | 398.43 | OK | |
r-release-linux-x86_64 | 0.2.1 | 73.84 | 292.23 | 366.07 | OK | |
r-release-macos-arm64 | 0.2.1 | 153.00 | NOTE | |||
r-release-macos-x86_64 | 0.2.1 | 208.00 | NOTE | |||
r-release-windows-x86_64 | 0.2.1 | 95.00 | 304.00 | 399.00 | OK | |
r-oldrel-macos-arm64 | 0.2.1 | 171.00 | NOTE | |||
r-oldrel-macos-x86_64 | 0.2.1 | 281.00 | NOTE | |||
r-oldrel-windows-x86_64 | 0.2.1 | 112.00 | 336.00 | 448.00 | OK |
Version: 0.2.1
Check: installed package size
Result: NOTE
installed size is 5.8Mb
sub-directories of 1Mb or more:
libs 3.8Mb
Flavors: r-release-macos-arm64, r-release-macos-x86_64, r-oldrel-macos-arm64, r-oldrel-macos-x86_64