Last updated on 2024-05-24 01:11:07 CEST.
Flavor | Version | Tinstall | Tcheck | Ttotal | Status | Flags |
---|---|---|---|---|---|---|
r-devel-linux-x86_64-debian-clang | 1.0.0 | 3.42 | 24.39 | 27.81 | NOTE | |
r-devel-linux-x86_64-debian-gcc | 1.0.0 | 2.65 | 18.89 | 21.54 | NOTE | |
r-devel-linux-x86_64-fedora-clang | 1.0.0 | 35.23 | NOTE | |||
r-devel-linux-x86_64-fedora-gcc | 1.0.0 | 33.44 | NOTE | |||
r-devel-windows-x86_64 | 1.0.0 | 5.00 | 40.00 | 45.00 | NOTE | |
r-patched-linux-x86_64 | 1.0.0 | 3.76 | 23.12 | 26.88 | NOTE | |
r-release-linux-x86_64 | 1.0.0 | 3.37 | 23.29 | 26.66 | NOTE | |
r-release-macos-arm64 | 1.0.0 | 16.00 | NOTE | |||
r-release-windows-x86_64 | 1.0.0 | 5.00 | 40.00 | 45.00 | NOTE | |
r-oldrel-macos-arm64 | 1.0.0 | 20.00 | NOTE | |||
r-oldrel-macos-x86_64 | 1.0.0 | 21.00 | NOTE | |||
r-oldrel-windows-x86_64 | 1.0.0 | 5.00 | 44.00 | 49.00 | NOTE |
Version: 1.0.0
Check: LazyData
Result: NOTE
'LazyData' is specified without a 'data' directory
Flavors: r-devel-linux-x86_64-debian-clang, r-devel-linux-x86_64-debian-gcc, r-devel-linux-x86_64-fedora-clang, r-devel-linux-x86_64-fedora-gcc, r-devel-windows-x86_64, r-patched-linux-x86_64, r-release-linux-x86_64, r-release-macos-arm64, r-release-windows-x86_64, r-oldrel-macos-arm64, r-oldrel-macos-x86_64, r-oldrel-windows-x86_64