Last updated on 2024-06-17 05:49:05 CEST.
Flavor | Version | Tinstall | Tcheck | Ttotal | Status | Flags |
---|---|---|---|---|---|---|
r-devel-linux-x86_64-debian-clang | 1.0.0 | 2.40 | 27.64 | 30.04 | NOTE | |
r-devel-linux-x86_64-debian-gcc | 1.0.0 | 2.30 | 21.14 | 23.44 | NOTE | |
r-devel-linux-x86_64-fedora-clang | 1.0.0 | 38.83 | NOTE | |||
r-devel-linux-x86_64-fedora-gcc | 1.0.0 | 36.59 | NOTE | |||
r-devel-windows-x86_64 | 1.0.0 | 4.00 | 44.00 | 48.00 | NOTE | |
r-patched-linux-x86_64 | 1.0.0 | 1.99 | 26.69 | 28.68 | NOTE | |
r-release-linux-x86_64 | 1.0.0 | 3.10 | 27.53 | 30.63 | NOTE | |
r-release-macos-arm64 | 1.0.0 | 16.00 | NOTE | |||
r-release-macos-x86_64 | 1.0.0 | 23.00 | NOTE | |||
r-release-windows-x86_64 | 1.0.0 | 4.00 | 44.00 | 48.00 | NOTE | |
r-oldrel-macos-arm64 | 1.0.0 | 18.00 | OK | |||
r-oldrel-macos-x86_64 | 1.0.0 | 24.00 | OK | |||
r-oldrel-windows-x86_64 | 1.0.0 | 5.00 | 43.00 | 48.00 | OK |
Version: 1.0.0
Check: Rd files
Result: NOTE
checkRd: (-1) deps.Rd:23: Lost braces in \itemize; meant \describe ?
checkRd: (-1) deps.Rd:24: Lost braces in \itemize; meant \describe ?
checkRd: (-1) deps.Rd:25: Lost braces in \itemize; meant \describe ?
checkRd: (-1) pkgdepR-package.Rd:16: Lost braces in \itemize; meant \describe ?
checkRd: (-1) pkgdepR-package.Rd:17: Lost braces in \itemize; meant \describe ?
checkRd: (-1) pkgdepR-package.Rd:18: Lost braces in \itemize; meant \describe ?
Flavors: r-devel-linux-x86_64-debian-clang, r-devel-linux-x86_64-debian-gcc, r-devel-linux-x86_64-fedora-clang, r-devel-linux-x86_64-fedora-gcc, r-devel-windows-x86_64, r-patched-linux-x86_64, r-release-linux-x86_64, r-release-macos-arm64, r-release-macos-x86_64, r-release-windows-x86_64